[Sun Apr 28 10:20:37.287223 2024] [php7:error] [pid 2456] [client 199.115.195.88:48645] script '/var/www/html/haciendabrasilia/frontend_dev.php' not found or unable to stat
[Sun Apr 28 10:20:48.251540 2024] [php7:error] [pid 2471] [client 199.115.195.51:58301] script '/var/www/html/haciendabrasilia/app_dev.php' not found or unable to stat
[Sun Apr 28 10:20:50.151922 2024] [php7:error] [pid 2456] [client 199.115.195.81:52415] script '/var/www/html/haciendabrasilia/app_dev.php' not found or unable to stat
[Sun Apr 28 10:20:50.491577 2024] [php7:error] [pid 5768] [client 199.115.195.85:25271] script '/var/www/html/haciendabrasilia/phpinfo.php' not found or unable to stat
[Sun Apr 28 10:20:50.888144 2024] [php7:error] [pid 5769] [client 199.115.195.52:22871] script '/var/www/html/haciendabrasilia/info.php' not found or unable to stat
[Sun Apr 28 10:20:53.478591 2024] [php7:error] [pid 2456] [client 199.115.195.50:1827] script '/var/www/html/haciendabrasilia/__info.php' not found or unable to stat
[Sun Apr 28 10:20:53.786245 2024] [php7:error] [pid 5768] [client 199.115.195.71:56779] script '/var/www/html/haciendabrasilia/_info-backoffice.php' not found or unable to stat
[Sun Apr 28 10:20:54.103057 2024] [php7:error] [pid 5769] [client 199.115.195.91:25099] script '/var/www/html/haciendabrasilia/_info.php' not found or unable to stat
[Sun Apr 28 10:20:54.419382 2024] [php7:error] [pid 2458] [client 199.115.195.54:38771] script '/var/www/html/haciendabrasilia/_phpinf.php' not found or unable to stat
[Sun Apr 28 10:20:54.731025 2024] [php7:error] [pid 2471] [client 199.115.195.85:52275] script '/var/www/html/haciendabrasilia/_phpinfo.php' not found or unable to stat
[Sun Apr 28 10:20:55.040179 2024] [php7:error] [pid 2454] [client 199.115.195.73:43243] script '/var/www/html/haciendabrasilia/_poopinfo.php' not found or unable to stat
[Sun Apr 28 10:20:55.355611 2024] [php7:error] [pid 2833] [client 199.115.195.53:55957] script '/var/www/html/haciendabrasilia/.__info.php' not found or unable to stat
[Sun Apr 28 10:20:55.671035 2024] [php7:error] [pid 2457] [client 199.115.195.93:25931] script '/var/www/html/haciendabrasilia/.info.php' not found or unable to stat
[Sun Apr 28 10:20:55.980708 2024] [php7:error] [pid 4919] [client 199.115.195.44:35735] script '/var/www/html/haciendabrasilia/0.0_phpinfo.php' not found or unable to stat
[Sun Apr 28 10:20:56.310295 2024] [php7:error] [pid 2455] [client 199.115.195.78:19367] script '/var/www/html/haciendabrasilia/00_server_info.php' not found or unable to stat
[Sun Apr 28 10:20:56.671634 2024] [php7:error] [pid 2456] [client 199.115.195.52:60281] script '/var/www/html/haciendabrasilia/02-info.php' not found or unable to stat
[Sun Apr 28 10:20:56.988840 2024] [php7:error] [pid 5768] [client 199.115.195.84:18309] script '/var/www/html/haciendabrasilia/1_1_PhpInfo.php' not found or unable to stat
[Sun Apr 28 10:20:57.320262 2024] [php7:error] [pid 5769] [client 199.115.195.49:15433] script '/var/www/html/haciendabrasilia/5info.php' not found or unable to stat
[Sun Apr 28 13:27:23.125865 2024] [cgi:error] [pid 2458] [client 45.142.182.92:49794] script not found or unable to stat: /var/www/cgi-bin/luci
[Sun Apr 28 16:52:45.781703 2024] [cgi:error] [pid 4919] [client 179.43.190.218:43038] script not found or unable to stat: /var/www/cgi-bin/luci
[Sun Apr 28 19:40:35.985272 2024] [cgi:error] [pid 5768] [client 45.142.182.92:59438] script not found or unable to stat: /var/www/cgi-bin/luci
[Sun Apr 28 21:37:54.674920 2024] [cgi:error] [pid 12650] [client 103.245.236.120:46048] script not found or unable to stat: /var/www/cgi-bin/orospucoc.cgi
[Sun Apr 28 21:37:55.087468 2024] [cgi:error] [pid 12650] [client 103.245.236.120:46048] script not found or unable to stat: /var/www/cgi-bin/nas_sharing.cgi
[Sun Apr 28 21:40:45.098106 2024] [php7:error] [pid 5768] [client 138.197.20.253:60962] script '/var/www/html/haciendabrasilia/upl.php' not found or unable to stat
[Sun Apr 28 21:40:45.882349 2024] [php7:error] [pid 12649] [client 138.197.20.253:60990] script '/var/www/html/haciendabrasilia/1.php' not found or unable to stat
[Sun Apr 28 21:40:46.664222 2024] [php7:error] [pid 2456] [client 138.197.20.253:32786] script '/var/www/html/haciendabrasilia/password.php' not found or unable to stat
[Sun Apr 28 21:40:46.863850 2024] [php7:error] [pid 5769] [client 138.197.20.253:32800] script '/var/www/html/haciendabrasilia/info.php' not found or unable to stat
[Sun Apr 28 22:14:02.437275 2024] [php7:error] [pid 12651] [client 92.118.39.120:48352] script '/var/www/html/haciendabrasilia/index.php' not found or unable to stat
[Sun Apr 28 22:14:02.848819 2024] [php7:error] [pid 12651] [client 92.118.39.120:48352] script '/var/www/html/haciendabrasilia/index.php' not found or unable to stat
[Sun Apr 28 22:14:02.875420 2024] [php7:error] [pid 12651] [client 92.118.39.120:48352] script '/var/www/html/haciendabrasilia/index.php' not found or unable to stat
[Sun Apr 28 22:14:02.936329 2024] [php7:error] [pid 12651] [client 92.118.39.120:48352] script '/var/www/html/haciendabrasilia/index.php' not found or unable to stat
[Mon Apr 29 01:11:37.415659 2024] [cgi:error] [pid 12650] [client 45.142.182.92:54376] script not found or unable to stat: /var/www/cgi-bin/luci
[Mon Apr 29 06:14:32.559090 2024] [cgi:error] [pid 12651] [client 45.142.182.92:48548] script not found or unable to stat: /var/www/cgi-bin/luci
[Mon Apr 29 10:27:31.267415 2024] [php7:error] [pid 2456] [client 170.64.224.26:39290] script '/var/www/html/haciendabrasilia/upl.php' not found or unable to stat
[Mon Apr 29 10:27:33.803888 2024] [php7:error] [pid 2457] [client 170.64.224.26:39322] script '/var/www/html/haciendabrasilia/1.php' not found or unable to stat
[Mon Apr 29 10:27:36.298949 2024] [php7:error] [pid 2455] [client 170.64.224.26:34194] script '/var/www/html/haciendabrasilia/password.php' not found or unable to stat
[Mon Apr 29 10:27:36.919051 2024] [php7:error] [pid 4919] [client 170.64.224.26:34204] script '/var/www/html/haciendabrasilia/info.php' not found or unable to stat
[Mon Apr 29 11:18:48.004941 2024] [cgi:error] [pid 5769] [client 45.142.182.92:38678] script not found or unable to stat: /var/www/cgi-bin/luci
[Mon Apr 29 14:49:21.884325 2024] [cgi:error] [pid 4919] [client 45.142.182.92:33364] script not found or unable to stat: /var/www/cgi-bin/luci
[Mon Apr 29 19:05:10.668504 2024] [cgi:error] [pid 5768] [client 103.245.236.120:56180] script not found or unable to stat: /var/www/cgi-bin/orospucoc.cgi
[Mon Apr 29 19:05:11.109051 2024] [cgi:error] [pid 5768] [client 103.245.236.120:56180] script not found or unable to stat: /var/www/cgi-bin/nas_sharing.cgi
[Mon Apr 29 20:17:30.646891 2024] [cgi:error] [pid 2471] [client 84.54.51.41:35966] script not found or unable to stat: /var/www/cgi-bin/luci
[Mon Apr 29 21:30:01.084581 2024] [cgi:error] [pid 4919] [client 103.245.236.120:39654] script not found or unable to stat: /var/www/cgi-bin/orospucoc.cgi
[Mon Apr 29 21:30:01.556396 2024] [cgi:error] [pid 4919] [client 103.245.236.120:39654] script not found or unable to stat: /var/www/cgi-bin/nas_sharing.cgi
[Tue Apr 30 00:02:55.278328 2024] [cgi:error] [pid 2457] [client 84.54.51.41:32800] script not found or unable to stat: /var/www/cgi-bin/luci
[Tue Apr 30 01:59:29.690372 2024] [cgi:error] [pid 5768] [client 103.245.236.120:41148] script not found or unable to stat: /var/www/cgi-bin/orospucoc.cgi
[Tue Apr 30 01:59:30.048267 2024] [cgi:error] [pid 5768] [client 103.245.236.120:41148] script not found or unable to stat: /var/www/cgi-bin/nas_sharing.cgi
[Tue Apr 30 03:25:35.154978 2024] [cgi:error] [pid 5768] [client 18.132.194.85:55910] script not found or unable to stat: /var/www/cgi-bin/login.cgi
[Tue Apr 30 03:43:58.724531 2024] [cgi:error] [pid 7293] [client 84.54.51.41:40278] script not found or unable to stat: /var/www/cgi-bin/luci
[Tue Apr 30 04:02:19.983547 2024] [cgi:error] [pid 12650] [client 84.54.51.41:38846] script not found or unable to stat: /var/www/cgi-bin/luci
[Tue Apr 30 05:57:06.984131 2024] [php7:error] [pid 12650] [client 68.183.220.180:32950] script '/var/www/html/haciendabrasilia/upl.php' not found or unable to stat
[Tue Apr 30 05:57:07.022525 2024] [php7:error] [pid 12649] [client 68.183.220.180:32996] script '/var/www/html/haciendabrasilia/1.php' not found or unable to stat
[Tue Apr 30 05:57:07.058776 2024] [php7:error] [pid 5768] [client 68.183.220.180:33044] script '/var/www/html/haciendabrasilia/password.php' not found or unable to stat
[Tue Apr 30 05:57:07.067635 2024] [php7:error] [pid 2471] [client 68.183.220.180:33056] script '/var/www/html/haciendabrasilia/info.php' not found or unable to stat
[Tue Apr 30 07:19:49.411293 2024] [cgi:error] [pid 2455] [client 179.43.190.218:40372] script not found or unable to stat: /var/www/cgi-bin/luci
[Tue Apr 30 08:36:05.832626 2024] [cgi:error] [pid 12649] [client 80.94.92.60:43424] script not found or unable to stat: /var/www/cgi-bin/luci
[Tue Apr 30 08:36:05.835627 2024] [cgi:error] [pid 12649] [client 80.94.92.60:43424] script not found or unable to stat: /var/www/cgi-bin/luci
[Tue Apr 30 13:54:56.932570 2024] [cgi:error] [pid 12650] [client 103.245.236.120:50446] script not found or unable to stat: /var/www/cgi-bin/orospucoc.cgi
[Tue Apr 30 13:54:57.953970 2024] [cgi:error] [pid 12650] [client 103.245.236.120:50446] script not found or unable to stat: /var/www/cgi-bin/nas_sharing.cgi
[Tue Apr 30 14:00:14.029247 2024] [cgi:error] [pid 2455] [client 84.54.51.41:60194] script not found or unable to stat: /var/www/cgi-bin/luci
[Tue Apr 30 16:00:45.057756 2024] [php7:error] [pid 7293] [client 159.223.60.47:57524] script '/var/www/html/haciendabrasilia/upl.php' not found or unable to stat
[Tue Apr 30 16:00:49.362448 2024] [php7:error] [pid 12650] [client 159.223.60.47:57564] script '/var/www/html/haciendabrasilia/1.php' not found or unable to stat
[Tue Apr 30 16:00:51.747796 2024] [php7:error] [pid 4919] [client 159.223.60.47:57618] script '/var/www/html/haciendabrasilia/password.php' not found or unable to stat
[Tue Apr 30 16:00:52.332157 2024] [php7:error] [pid 12651] [client 159.223.60.47:56022] script '/var/www/html/haciendabrasilia/info.php' not found or unable to stat
[Tue Apr 30 16:30:37.206867 2024] [cgi:error] [pid 2471] [client 195.1.144.109:48372] script not found or unable to stat: /var/www/cgi-bin/luci
[Tue Apr 30 17:11:07.844294 2024] [cgi:error] [pid 7293] [client 179.43.190.218:43190] script not found or unable to stat: /var/www/cgi-bin/luci
[Tue Apr 30 20:13:26.779271 2024] [cgi:error] [pid 2455] [client 84.54.51.41:50038] script not found or unable to stat: /var/www/cgi-bin/luci
[Tue Apr 30 22:35:48.583884 2024] [cgi:error] [pid 20103] [client 103.245.236.120:56940] script not found or unable to stat: /var/www/cgi-bin/orospucoc.cgi
[Tue Apr 30 22:35:48.908774 2024] [cgi:error] [pid 20103] [client 103.245.236.120:56940] script not found or unable to stat: /var/www/cgi-bin/nas_sharing.cgi
[Wed May 01 01:59:51.888593 2024] [cgi:error] [pid 4919] [client 157.10.45.238:53298] script not found or unable to stat: /var/www/cgi-bin/orospucoc.cgi
[Wed May 01 05:11:15.188461 2024] [cgi:error] [pid 5768] [client 195.1.144.109:49034] script not found or unable to stat: /var/www/cgi-bin/luci
[Wed May 01 07:35:36.951399 2024] [php7:error] [pid 5768] [client 167.172.200.72:50720] script '/var/www/html/haciendabrasilia/upl.php' not found or unable to stat
[Wed May 01 07:35:38.236809 2024] [php7:error] [pid 12651] [client 167.172.200.72:50750] script '/var/www/html/haciendabrasilia/1.php' not found or unable to stat
[Wed May 01 07:35:39.515548 2024] [php7:error] [pid 2455] [client 167.172.200.72:50790] script '/var/www/html/haciendabrasilia/password.php' not found or unable to stat
[Wed May 01 07:35:39.835524 2024] [php7:error] [pid 20103] [client 167.172.200.72:50794] script '/var/www/html/haciendabrasilia/info.php' not found or unable to stat
[Wed May 01 09:23:38.878571 2024] [php7:error] [pid 20102] [client 91.92.242.111:44496] script '/var/www/html/haciendabrasilia/info.php' not found or unable to stat
[Wed May 01 11:00:58.646828 2024] [cgi:error] [pid 5769] [client 103.245.236.120:46688] script not found or unable to stat: /var/www/cgi-bin/orospucoc.cgi
[Wed May 01 11:00:59.037921 2024] [cgi:error] [pid 5769] [client 103.245.236.120:46688] script not found or unable to stat: /var/www/cgi-bin/nas_sharing.cgi
[Wed May 01 12:05:05.235090 2024] [cgi:error] [pid 20080] [client 195.1.144.109:43348] script not found or unable to stat: /var/www/cgi-bin/luci
[Wed May 01 20:16:59.356678 2024] [php7:error] [pid 20080] [client 64.23.213.43:38894] script '/var/www/html/haciendabrasilia/r.php' not found or unable to stat
[Wed May 01 21:31:11.077044 2024] [cgi:error] [pid 2455] [client 195.1.144.109:38938] script not found or unable to stat: /var/www/cgi-bin/luci
[Wed May 01 22:24:24.024919 2024] [cgi:error] [pid 5769] [client 195.1.144.107:35264] script not found or unable to stat: /var/www/cgi-bin/luci
[Thu May 02 01:19:06.069291 2024] [cgi:error] [pid 5769] [client 84.54.51.41:40732] script not found or unable to stat: /var/www/cgi-bin/luci
[Thu May 02 01:59:46.952498 2024] [cgi:error] [pid 4919] [client 84.54.51.41:34014] script not found or unable to stat: /var/www/cgi-bin/luci
[Thu May 02 02:04:37.662581 2024] [php7:error] [pid 12651] [client 134.209.179.128:53670] script '/var/www/html/haciendabrasilia/upl.php' not found or unable to stat
[Thu May 02 02:04:37.844711 2024] [php7:error] [pid 20080] [client 134.209.179.128:53696] script '/var/www/html/haciendabrasilia/1.php' not found or unable to stat
[Thu May 02 02:04:38.027655 2024] [php7:error] [pid 20103] [client 134.209.179.128:53732] script '/var/www/html/haciendabrasilia/password.php' not found or unable to stat
[Thu May 02 02:04:38.072999 2024] [php7:error] [pid 5769] [client 134.209.179.128:53748] script '/var/www/html/haciendabrasilia/info.php' not found or unable to stat
[Thu May 02 08:34:20.288082 2024] [cgi:error] [pid 12004] [client 103.245.236.120:44468] script not found or unable to stat: /var/www/cgi-bin/orospucoc.cgi
[Thu May 02 08:34:20.557778 2024] [cgi:error] [pid 12004] [client 103.245.236.120:44468] script not found or unable to stat: /var/www/cgi-bin/nas_sharing.cgi
[Thu May 02 10:21:23.927259 2024] [cgi:error] [pid 12004] [client 195.1.144.107:34576] script not found or unable to stat: /var/www/cgi-bin/luci
[Thu May 02 10:48:27.365355 2024] [cgi:error] [pid 20101] [client 195.1.144.109:37854] script not found or unable to stat: /var/www/cgi-bin/luci
[Thu May 02 13:28:58.396173 2024] [php7:error] [pid 2455] [client 80.251.153.235:45850] script '/var/www/html/haciendabrasilia/phpinfo.php' not found or unable to stat
[Thu May 02 13:28:58.519393 2024] [php7:error] [pid 5769] [client 80.251.153.235:45864] script '/var/www/html/haciendabrasilia/info.php' not found or unable to stat
[Thu May 02 14:44:27.829528 2024] [cgi:error] [pid 4919] [client 84.54.51.41:47932] script not found or unable to stat: /var/www/cgi-bin/luci
[Thu May 02 15:12:31.016035 2024] [php7:error] [pid 20102] [client 139.59.188.197:38576] script '/var/www/html/haciendabrasilia/upl.php' not found or unable to stat
[Thu May 02 15:12:31.184847 2024] [php7:error] [pid 5769] [client 139.59.188.197:38602] script '/var/www/html/haciendabrasilia/1.php' not found or unable to stat
[Thu May 02 15:12:31.348896 2024] [php7:error] [pid 20101] [client 139.59.188.197:38622] script '/var/www/html/haciendabrasilia/password.php' not found or unable to stat
[Thu May 02 15:12:31.391847 2024] [php7:error] [pid 20080] [client 139.59.188.197:38628] script '/var/www/html/haciendabrasilia/info.php' not found or unable to stat
[Thu May 02 16:28:09.463422 2024] [cgi:error] [pid 12004] [client 84.54.51.37:42426] script not found or unable to stat: /var/www/cgi-bin/luci
[Thu May 02 16:41:10.711155 2024] [cgi:error] [pid 20093] [client 141.255.167.250:58954] script not found or unable to stat: /var/www/cgi-bin/luci
[Thu May 02 18:06:31.785631 2024] [cgi:error] [pid 20093] [client 141.255.167.250:56430] script not found or unable to stat: /var/www/cgi-bin/luci
[Thu May 02 18:18:36.223531 2024] [php7:error] [pid 20199] [client 107.175.91.198:59980] script '/var/www/html/haciendabrasilia/index.php' not found or unable to stat
[Thu May 02 18:18:37.247062 2024] [cgi:error] [pid 20205] [client 107.175.91.198:60522] script not found or unable to stat: /var/www/cgi-bin/rpc
[Thu May 02 18:18:37.253352 2024] [php7:error] [pid 20207] [client 107.175.91.198:60640] script '/var/www/html/haciendabrasilia/get_dkey.php' not found or unable to stat
[Thu May 02 18:18:37.604004 2024] [php7:error] [pid 20212] [client 107.175.91.198:33844] script '/var/www/html/haciendabrasilia/index.php' not found or unable to stat
[Thu May 02 18:18:38.423693 2024] [cgi:error] [pid 17447] [client 107.175.91.198:34422] script not found or unable to stat: /var/www/cgi-bin/cstecgi.cgi
[Thu May 02 18:18:42.412520 2024] [cgi:error] [pid 20230] [client 107.175.91.198:36384] script not found or unable to stat: /var/www/cgi-bin/masterCGI
[Thu May 02 18:18:43.404727 2024] [cgi:error] [pid 20234] [client 107.175.91.198:36812] script not found or unable to stat: /var/www/cgi-bin/kerbynet
[Thu May 02 18:18:43.405751 2024] [php7:error] [pid 20237] [client 107.175.91.198:36882] script '/var/www/html/haciendabrasilia/index.php' not found or unable to stat
[Thu May 02 18:18:43.418922 2024] [php7:error] [pid 20239] [client 107.175.91.198:36956] script '/var/www/html/haciendabrasilia/index.php' not found or unable to stat
[Thu May 02 18:18:43.422893 2024] [php7:error] [pid 20240] [client 107.175.91.198:36992] script '/var/www/html/haciendabrasilia/index.php' not found or unable to stat
[Thu May 02 18:18:44.376183 2024] [php7:error] [pid 20190] [client 107.175.91.198:37248] script '/var/www/html/haciendabrasilia/index.php' not found or unable to stat
[Thu May 02 18:18:44.441886 2024] [php7:error] [pid 20251] [client 107.175.91.198:37530] script '/var/www/html/haciendabrasilia/index.php' not found or unable to stat
[Thu May 02 18:18:45.372886 2024] [php7:error] [pid 20192] [client 107.175.91.198:37658] script '/var/www/html/haciendabrasilia/index.php' not found or unable to stat
[Thu May 02 18:18:45.454285 2024] [php7:error] [pid 20193] [client 107.175.91.198:37944] script '/var/www/html/haciendabrasilia/index.php' not found or unable to stat
[Thu May 02 18:18:45.482466 2024] [php7:error] [pid 20197] [client 107.175.91.198:37680] script '/var/www/html/haciendabrasilia/index.php' not found or unable to stat
[Thu May 02 18:18:45.482523 2024] [php7:error] [pid 20196] [client 107.175.91.198:37918] script '/var/www/html/haciendabrasilia/index.php' not found or unable to stat
[Thu May 02 18:18:45.537612 2024] [php7:error] [pid 20199] [client 107.175.91.198:38076] script '/var/www/html/haciendabrasilia/index.php' not found or unable to stat
[Thu May 02 18:18:46.353576 2024] [php7:error] [pid 20202] [client 107.175.91.198:38204] script '/var/www/html/haciendabrasilia/index.php' not found or unable to stat
[Thu May 02 18:18:47.436803 2024] [php7:error] [pid 20204] [client 107.175.91.198:39190] script '/var/www/html/haciendabrasilia/index.php' not found or unable to stat
[Thu May 02 18:18:47.442522 2024] [php7:error] [pid 20205] [client 107.175.91.198:39188] script '/var/www/html/haciendabrasilia/index.php' not found or unable to stat
[Thu May 02 18:18:47.442523 2024] [php7:error] [pid 20207] [client 107.175.91.198:39180] script '/var/www/html/haciendabrasilia/index.php' not found or unable to stat
[Thu May 02 18:18:48.556140 2024] [php7:error] [pid 20210] [client 107.175.91.198:39542] script '/var/www/html/haciendabrasilia/index.php' not found or unable to stat
[Thu May 02 18:18:48.557520 2024] [php7:error] [pid 20212] [client 107.175.91.198:39536] script '/var/www/html/haciendabrasilia/index.php' not found or unable to stat
[Thu May 02 18:18:48.599557 2024] [php7:error] [pid 20214] [client 107.175.91.198:39356] script '/var/www/html/haciendabrasilia/index.php' not found or unable to stat
[Thu May 02 18:18:48.623232 2024] [php7:error] [pid 20213] [client 107.175.91.198:39634] script '/var/www/html/haciendabrasilia/index.php' not found or unable to stat
[Thu May 02 18:18:48.812881 2024] [php7:error] [pid 5768] [client 107.175.91.198:39864] script '/var/www/html/haciendabrasilia/index.php' not found or unable to stat
[Thu May 02 18:18:49.362956 2024] [php7:error] [pid 20101] [client 107.175.91.198:40006] script '/var/www/html/haciendabrasilia/index.php' not found or unable to stat
[Thu May 02 18:18:49.362967 2024] [php7:error] [pid 20215] [client 107.175.91.198:40028] script '/var/www/html/haciendabrasilia/index.php' not found or unable to stat
[Thu May 02 18:18:49.363474 2024] [php7:error] [pid 20209] [client 107.175.91.198:40014] script '/var/www/html/haciendabrasilia/index.php' not found or unable to stat
[Thu May 02 18:18:49.364148 2024] [php7:error] [pid 20080] [client 107.175.91.198:39994] script '/var/www/html/haciendabrasilia/index.php' not found or unable to stat
[Thu May 02 18:18:49.365291 2024] [php7:error] [pid 20217] [client 107.175.91.198:40020] script '/var/www/html/haciendabrasilia/index.php' not found or unable to stat
[Thu May 02 18:18:49.365337 2024] [php7:error] [pid 20216] [client 107.175.91.198:40036] script '/var/www/html/haciendabrasilia/index.php' not found or unable to stat
[Thu May 02 18:18:49.365588 2024] [php7:error] [pid 17447] [client 107.175.91.198:40016] script '/var/www/html/haciendabrasilia/index.php' not found or unable to stat
[Thu May 02 18:18:49.426666 2024] [php7:error] [pid 2455] [client 107.175.91.198:40272] script '/var/www/html/haciendabrasilia/index.php' not found or unable to stat
[Thu May 02 18:18:49.442691 2024] [php7:error] [pid 4919] [client 107.175.91.198:40356] script '/var/www/html/haciendabrasilia/index.php' not found or unable to stat
[Thu May 02 18:18:49.443423 2024] [php7:error] [pid 12004] [client 107.175.91.198:40360] script '/var/www/html/haciendabrasilia/index.php' not found or unable to stat
[Thu May 02 18:18:49.451986 2024] [php7:error] [pid 20093] [client 107.175.91.198:40424] script '/var/www/html/haciendabrasilia/index.php' not found or unable to stat
[Thu May 02 18:18:49.453241 2024] [php7:error] [pid 5769] [client 107.175.91.198:40436] script '/var/www/html/haciendabrasilia/index.php' not found or unable to stat
[Thu May 02 18:18:49.453601 2024] [php7:error] [pid 20102] [client 107.175.91.198:40442] script '/var/www/html/haciendabrasilia/index.php' not found or unable to stat
[Thu May 02 18:18:49.456640 2024] [php7:error] [pid 20188] [client 107.175.91.198:40434] script '/var/www/html/haciendabrasilia/index.php' not found or unable to stat
[Thu May 02 18:18:49.458820 2024] [php7:error] [pid 20221] [client 107.175.91.198:40456] script '/var/www/html/haciendabrasilia/index.php' not found or unable to stat
[Thu May 02 18:18:51.709778 2024] [php7:error] [pid 20224] [client 107.175.91.198:41086] script '/var/www/html/haciendabrasilia/index.php' not found or unable to stat
[Thu May 02 18:18:51.710737 2024] [php7:error] [pid 20223] [client 107.175.91.198:41106] script '/var/www/html/haciendabrasilia/index.php' not found or unable to stat
[Thu May 02 18:18:51.723300 2024] [php7:error] [pid 20230] [client 107.175.91.198:41224] script '/var/www/html/haciendabrasilia/index.php' not found or unable to stat
[Thu May 02 18:18:51.723438 2024] [php7:error] [pid 20232] [client 107.175.91.198:41212] script '/var/www/html/haciendabrasilia/index.php' not found or unable to stat
[Thu May 02 18:18:51.729191 2024] [php7:error] [pid 20231] [client 107.175.91.198:41242] script '/var/www/html/haciendabrasilia/index.php' not found or unable to stat
[Thu May 02 18:18:51.830589 2024] [php7:error] [pid 20234] [client 107.175.91.198:41542] script '/var/www/html/haciendabrasilia/index.php' not found or unable to stat
[Thu May 02 18:18:52.399398 2024] [php7:error] [pid 20240] [client 107.175.91.198:41906] script '/var/www/html/haciendabrasilia/tiki-jsplugin.php' not found or unable to stat
[Thu May 02 18:18:52.445550 2024] [php7:error] [pid 20244] [client 107.175.91.198:42112] script '/var/www/html/haciendabrasilia/index.php' not found or unable to stat
[Thu May 02 18:18:52.461271 2024] [php7:error] [pid 20189] [client 107.175.91.198:42132] script '/var/www/html/haciendabrasilia/index.php' not found or unable to stat
[Thu May 02 18:18:52.413136 2024] [core:error] [pid 20243] [client 107.175.91.198:41904] AH00126: Invalid URI in request GET /../../../../../../../../../../../../../etc/passwd HTTP/1.1
[Thu May 02 18:18:53.440716 2024] [php7:error] [pid 20247] [client 107.175.91.198:42726] script '/var/www/html/haciendabrasilia/index.php' not found or unable to stat
[Thu May 02 18:18:54.617523 2024] [php7:error] [pid 20197] [client 107.175.91.198:43262] script '/var/www/html/haciendabrasilia/index.php' not found or unable to stat
[Thu May 02 18:18:54.618975 2024] [php7:error] [pid 20199] [client 107.175.91.198:43360] script '/var/www/html/haciendabrasilia/index.php' not found or unable to stat
[Thu May 02 18:18:54.711105 2024] [php7:error] [pid 20205] [client 107.175.91.198:43424] script '/var/www/html/haciendabrasilia/document.php' not found or unable to stat
[Thu May 02 18:18:56.384733 2024] [cgi:error] [pid 5768] [client 107.175.91.198:44210] script not found or unable to stat: /var/www/cgi-bin/webproc
[Thu May 02 18:18:56.457613 2024] [core:error] [pid 20215] [client 107.175.91.198:44516] AH00126: Invalid URI in request GET /login/../../../etc/passwd HTTP/1.1
[Thu May 02 18:18:56.469233 2024] [core:error] [pid 20209] [client 107.175.91.198:44564] AH00126: Invalid URI in request GET /public/%2e%2e/%2e%2e/%2e%2e/%2e%2e/%2e%2e/etc/passwd HTTP/1.1
[Thu May 02 18:18:56.470370 2024] [cgi:error] [pid 20102] [client 107.175.91.198:44588] script not found or unable to stat: /var/www/cgi-bin/stats, referer: () { ignored; }; echo Content-Type: text/html; echo ; /bin/cat /etc/passwd
[Thu May 02 18:18:56.470813 2024] [cgi:error] [pid 20093] [client 107.175.91.198:44602] script not found or unable to stat: /var/www/cgi-bin/test, referer: () { ignored; }; echo Content-Type: text/html; echo ; /bin/cat /etc/passwd
[Thu May 02 18:18:56.473059 2024] [cgi:error] [pid 12004] [client 107.175.91.198:44598] script not found or unable to stat: /var/www/cgi-bin/status, referer: () { ignored; }; echo Content-Type: text/html; echo ; /bin/cat /etc/passwd
[Thu May 02 18:18:56.473164 2024] [cgi:error] [pid 20221] [client 107.175.91.198:44594] script not found or unable to stat: /var/www/cgi-bin/status, referer: () { ignored; }; echo Content-Type: text/html; echo ; /bin/cat /etc/passwd
[Thu May 02 18:18:56.479572 2024] [cgi:error] [pid 20226] [client 107.175.91.198:44616] script not found or unable to stat: /var/www/cgi-bin/test-cgi, referer: () { ignored; }; echo Content-Type: text/html; echo ; /bin/cat /etc/passwd
[Thu May 02 18:18:58.544345 2024] [cgi:error] [pid 20232] [client 107.175.91.198:45428] script not found or unable to stat: /var/www/cgi-bin/koha
[Thu May 02 18:19:00.486731 2024] [php7:error] [pid 20246] [client 107.175.91.198:47038] script '/var/www/html/haciendabrasilia/boardDataWW.php' not found or unable to stat
[Thu May 02 18:19:02.425053 2024] [cgi:error] [pid 20195] [client 107.175.91.198:47754] script not found or unable to stat: /var/www/cgi-bin/logoff.cgi
[Thu May 02 18:19:02.431271 2024] [php7:error] [pid 20197] [client 107.175.91.198:47946] script '/var/www/html/haciendabrasilia/__debugging_center_utils___.php' not found or unable to stat
[Thu May 02 18:19:02.431325 2024] [cgi:error] [pid 20199] [client 107.175.91.198:47950] script not found or unable to stat: /var/www/cgi-bin/;cat$IFS
[Thu May 02 18:19:06.368558 2024] [core:error] [pid 20223] [client 107.175.91.198:50218] AH00126: Invalid URI in request GET /static/../../../a/../../../../etc/passwd HTTP/1.1
[Thu May 02 18:19:07.600231 2024] [cgi:error] [pid 20236] [client 107.175.91.198:50752] script not found or unable to stat: /var/www/cgi-bin/webproc
[Thu May 02 18:19:07.759994 2024] [core:error] [pid 20240] [client 107.175.91.198:51000] AH00126: Invalid URI in request GET /_next/../../../../../../../../../../etc/passwd HTTP/1.1
[Thu May 02 18:19:10.470014 2024] [php7:error] [pid 20201] [client 107.175.91.198:53094] script '/var/www/html/haciendabrasilia/verify.php' not found or unable to stat
[Thu May 02 18:19:10.471156 2024] [php7:error] [pid 20206] [client 107.175.91.198:53092] script '/var/www/html/haciendabrasilia/__debugging_center_utils___.php' not found or unable to stat
[Thu May 02 18:19:12.524466 2024] [cgi:error] [pid 20101] [client 107.175.91.198:53882] script not found or unable to stat: /var/www/cgi-bin/wapopen
[Thu May 02 18:19:14.442506 2024] [php7:error] [pid 20244] [client 107.175.91.198:55414] script '/var/www/html/haciendabrasilia/img.php' not found or unable to stat
[Thu May 02 18:19:15.711720 2024] [cgi:error] [pid 20247] [client 107.175.91.198:55620] script not found or unable to stat: /var/www/cgi-bin/login
[Thu May 02 18:19:16.379098 2024] [php7:error] [pid 20248] [client 107.175.91.198:56174] script '/var/www/html/haciendabrasilia/index.php' not found or unable to stat
[Thu May 02 18:19:16.419208 2024] [php7:error] [pid 20215] [client 107.175.91.198:56562] script '/var/www/html/haciendabrasilia/index.php' not found or unable to stat
[Thu May 02 18:19:18.368243 2024] [php7:error] [pid 20200] [client 107.175.91.198:57380] script '/var/www/html/haciendabrasilia/index.php' not found or unable to stat
[Thu May 02 18:19:18.376986 2024] [core:error] [pid 20206] [client 107.175.91.198:57458] AH00126: Invalid URI in request GET /../../etc/passwd HTTP/1.1
[Thu May 02 18:19:21.385137 2024] [core:error] [pid 20257] [client 107.175.91.198:59254] AH00126: Invalid URI in request GET /../../../../../../../../../../../../etc/passwd HTTP/1.1
[Thu May 02 18:19:22.395202 2024] [php7:error] [pid 20237] [client 107.175.91.198:59884] script '/var/www/html/haciendabrasilia/index.php' not found or unable to stat
[Thu May 02 18:19:24.970998 2024] [php7:error] [pid 20192] [client 107.175.91.198:60908] script '/var/www/html/haciendabrasilia/index.php' not found or unable to stat
[Thu May 02 18:19:24.976695 2024] [core:error] [pid 20215] [client 107.175.91.198:60980] AH00126: Invalid URI in request GET /_next/../../../../../../../../../etc/passwd HTTP/1.1
[Thu May 02 18:19:27.392800 2024] [php7:error] [pid 20227] [client 107.175.91.198:34658] script '/var/www/html/haciendabrasilia/tag_test_action.php' not found or unable to stat
[Thu May 02 18:19:28.435773 2024] [core:error] [pid 20080] [client 107.175.91.198:35546] AH00126: Invalid URI in request GET /dana-na/../dana/html5acc/guacamole/../../../../../../etc/passwd?/dana/html5acc/guacamole/ HTTP/1.1
[Thu May 02 18:19:30.555288 2024] [cgi:error] [pid 20238] [client 107.175.91.198:36418] script not found or unable to stat: /var/www/cgi-bin/Maconomy
[Thu May 02 18:19:30.606009 2024] [cgi:error] [pid 20257] [client 107.175.91.198:36544] script not found or unable to stat: /var/www/cgi-bin/kerbynet
[Thu May 02 18:19:34.402709 2024] [cgi:error] [pid 20227] [client 107.175.91.198:38828] script not found or unable to stat: /var/www/cgi-bin/login_mgr.cgi
[Thu May 02 18:19:34.488145 2024] [php7:error] [pid 2455] [client 107.175.91.198:39162] script '/var/www/html/haciendabrasilia/catalog.php' not found or unable to stat
[Thu May 02 18:19:35.910981 2024] [cgi:error] [pid 20234] [client 107.175.91.198:39350] script not found or unable to stat: /var/www/cgi-bin/config.exp
[Thu May 02 18:19:36.528012 2024] [php7:error] [pid 20102] [client 107.175.91.198:40028] script '/var/www/html/haciendabrasilia/getcfg.php' not found or unable to stat
[Thu May 02 18:19:36.567946 2024] [core:error] [pid 20197] [client 107.175.91.198:40232] AH00126: Invalid URI in request GET /../../../../../../etc/passwd HTTP/1.1
[Thu May 02 18:19:36.587311 2024] [core:error] [pid 20262] [client 107.175.91.198:40202] AH00126: Invalid URI in request GET /2fv1OI7BOE1d4L4gjiHAeT2PatZ/../../ThinVnc.ini HTTP/1.1
[Thu May 02 18:19:42.449148 2024] [php7:error] [pid 2455] [client 107.175.91.198:43656] script '/var/www/html/haciendabrasilia/adxmlrpc.php' not found or unable to stat
[Thu May 02 18:19:42.486881 2024] [cgi:error] [pid 5769] [client 107.175.91.198:43848] script not found or unable to stat: /var/www/cgi-bin/file_transfer.cgi
[Thu May 02 18:19:43.453732 2024] [php7:error] [pid 20226] [client 107.175.91.198:44308] script '/var/www/html/haciendabrasilia/card_scan.php' not found or unable to stat
[Thu May 02 18:19:43.470053 2024] [core:error] [pid 20102] [client 107.175.91.198:44364] AH00126: Invalid URI in request GET /../../../../../etc/passwd HTTP/1.1
[Thu May 02 18:19:43.512550 2024] [core:error] [pid 20080] [client 107.175.91.198:44500] AH00126: Invalid URI in request GET /.%2e/.%2e/.%2e/.%2e/.%2e/.%2e/.%2e/.%2e/.%2e/.%2e/.%2e/.%2e/.%2e/.%2e/var/www/html/index.html HTTP/1.1
[Thu May 02 18:19:44.486930 2024] [php7:error] [pid 20223] [client 107.175.91.198:45044] script '/var/www/html/haciendabrasilia/index.php' not found or unable to stat
[Thu May 02 18:19:45.860505 2024] [php7:error] [pid 20264] [client 107.175.91.198:45304] script '/var/www/html/haciendabrasilia/mailingupgrade.php' not found or unable to stat
[Thu May 02 18:19:46.283384 2024] [php7:error] [pid 20265] [client 107.175.91.198:45788] script '/var/www/html/haciendabrasilia/index.php' not found or unable to stat
[Thu May 02 18:19:49.520763 2024] [cgi:error] [pid 2455] [client 107.175.91.198:48006] script not found or unable to stat: /var/www/cgi-bin/live_api.cgi
[Thu May 02 18:19:49.550302 2024] [cgi:error] [pid 20234] [client 107.175.91.198:48052] script not found or unable to stat: /var/www/cgi-bin/ExportAllSettings.sh
[Thu May 02 18:19:50.734179 2024] [cgi:error] [pid 20189] [client 107.175.91.198:48544] script not found or unable to stat: /var/www/cgi-bin/login.cgi
[Thu May 02 18:19:51.060282 2024] [php7:error] [pid 20244] [client 107.175.91.198:48920] script '/var/www/html/haciendabrasilia/fw.progrss.details.php' not found or unable to stat
[Thu May 02 18:19:52.622965 2024] [core:error] [pid 20271] [client 107.175.91.198:49650] AH00126: Invalid URI in request GET /../../../../../../../../../../../../windows/win.ini HTTP/1.1
[Thu May 02 18:19:52.753571 2024] [php7:error] [pid 20093] [client 107.175.91.198:50118] script '/var/www/html/haciendabrasilia/index.php' not found or unable to stat
[Thu May 02 18:19:54.561627 2024] [cgi:error] [pid 20273] [client 107.175.91.198:51128] script not found or unable to stat: /var/www/cgi-bin/login.cgi, referer: http://vmi368076.contaboserver.net
[Thu May 02 18:19:55.845484 2024] [php7:error] [pid 20274] [client 107.175.91.198:51416] script '/var/www/html/haciendabrasilia/fw.login.php' not found or unable to stat
[Thu May 02 18:19:58.396554 2024] [core:error] [pid 20218] [client 107.175.91.198:53230] AH00126: Invalid URI in request GET /../../../../../../../../windows/win.ini HTTP/1.1
[Thu May 02 18:19:58.449659 2024] [php7:error] [pid 20257] [client 107.175.91.198:53396] script '/var/www/html/haciendabrasilia/index.php' not found or unable to stat, referer: http://vmi368076.contaboserver.net
[Thu May 02 18:19:58.491547 2024] [php7:error] [pid 20195] [client 107.175.91.198:53574] script '/var/www/html/haciendabrasilia/index.php' not found or unable to stat, referer: http://vmi368076.contaboserver.net
[Thu May 02 18:19:59.412479 2024] [php7:error] [pid 20190] [client 107.175.91.198:53714] script '/var/www/html/haciendabrasilia/login.php' not found or unable to stat
[Thu May 02 18:19:59.436148 2024] [cgi:error] [pid 17447] [client 107.175.91.198:53918] script not found or unable to stat: /var/www/cgi-bin/system_mgr.cgi
[Thu May 02 18:20:02.247131 2024] [php7:error] [pid 20195] [client 107.175.91.198:55034] script '/var/www/html/haciendabrasilia/index.php' not found or unable to stat
[Thu May 02 18:20:02.889037 2024] [php7:error] [pid 20272] [client 107.175.91.198:55284] script '/var/www/html/haciendabrasilia/index.php' not found or unable to stat
[Thu May 02 18:20:04.396281 2024] [cgi:error] [pid 20276] [client 107.175.91.198:55464] script not found or unable to stat: /var/www/cgi-bin/system_log.cgi
[Thu May 02 18:20:04.881701 2024] [php7:error] [pid 20277] [client 107.175.91.198:56760] script '/var/www/html/haciendabrasilia/cyrus.index.php' not found or unable to stat
[Thu May 02 18:20:08.689264 2024] [cgi:error] [pid 20218] [client 107.175.91.198:58648] script not found or unable to stat: /var/www/cgi-bin/execute_cmd.cgi
[Thu May 02 18:20:09.026042 2024] [cgi:error] [pid 20257] [client 107.175.91.198:59052] script not found or unable to stat: /var/www/cgi-bin/system_mgr.cgi
[Thu May 02 18:20:09.026497 2024] [php7:error] [pid 20219] [client 107.175.91.198:59042] script '/var/www/html/haciendabrasilia/index.php' not found or unable to stat
[Thu May 02 18:20:09.039871 2024] [cgi:error] [pid 20273] [client 107.175.91.198:59206] script not found or unable to stat: /var/www/cgi-bin/libagent.cgi
[Thu May 02 18:20:09.494364 2024] [php7:error] [pid 20275] [client 107.175.91.198:59244] script '/var/www/html/haciendabrasilia/index.php' not found or unable to stat
[Thu May 02 18:20:09.661079 2024] [php7:error] [pid 20281] [client 107.175.91.198:59240] script '/var/www/html/haciendabrasilia/index.php' not found or unable to stat
[Thu May 02 18:20:09.759791 2024] [cgi:error] [pid 20269] [client 107.175.91.198:59730] script not found or unable to stat: /var/www/cgi-bin/mainfunction.cgi
[Thu May 02 18:20:10.100427 2024] [php7:error] [pid 20277] [client 107.175.91.198:59994] script '/var/www/html/haciendabrasilia/graph_realtime.php' not found or unable to stat
[Thu May 02 18:20:10.664733 2024] [cgi:error] [pid 20282] [client 107.175.91.198:60552] script not found or unable to stat: /var/www/cgi-bin/weblogin.cgi
[Thu May 02 18:20:11.347849 2024] [php7:error] [pid 20197] [client 107.175.91.198:60842] script '/var/www/html/haciendabrasilia/settings.php' not found or unable to stat
[Thu May 02 18:20:11.388401 2024] [php7:error] [pid 20244] [client 107.175.91.198:60970] script '/var/www/html/haciendabrasilia/getcfg.php' not found or unable to stat
[Thu May 02 18:20:15.403388 2024] [cgi:error] [pid 12004] [client 107.175.91.198:35290] script not found or unable to stat: /var/www/cgi-bin/readycloud_control.cgi
[Thu May 02 18:20:15.478534 2024] [cgi:error] [pid 20271] [client 107.175.91.198:35718] script not found or unable to stat: /var/www/cgi-bin/mt
[Thu May 02 18:20:15.487491 2024] [php7:error] [pid 20227] [client 107.175.91.198:35760] script '/var/www/html/haciendabrasilia/_adminer.php' not found or unable to stat
[Thu May 02 18:20:15.492343 2024] [php7:error] [pid 20276] [client 107.175.91.198:35758] script '/var/www/html/haciendabrasilia/adminer.php' not found or unable to stat
[Thu May 02 18:20:15.492831 2024] [php7:error] [pid 20234] [client 107.175.91.198:35744] script '/var/www/html/haciendabrasilia/index.php' not found or unable to stat
[Thu May 02 18:20:19.499810 2024] [cgi:error] [pid 20247] [client 107.175.91.198:38066] script not found or unable to stat: /var/www/cgi-bin/cgiServer
[Thu May 02 18:20:21.869468 2024] [php7:error] [pid 20240] [client 107.175.91.198:39002] script '/var/www/html/haciendabrasilia/wp-comments-post.php' not found or unable to stat
[Thu May 02 18:20:30.500387 2024] [core:error] [pid 20276] [client 107.175.91.198:44414] AH00126: Invalid URI in request GET /../conf/config.properties HTTP/1.1
[Thu May 02 18:20:31.415197 2024] [php7:error] [pid 5769] [client 107.175.91.198:44798] script '/var/www/html/haciendabrasilia/index.php' not found or unable to stat
[Thu May 02 18:20:32.422258 2024] [php7:error] [pid 20286] [client 107.175.91.198:45420] script '/var/www/html/haciendabrasilia/search.php' not found or unable to stat
[Thu May 02 18:20:44.390671 2024] [php7:error] [pid 20205] [client 107.175.91.198:52136] script '/var/www/html/haciendabrasilia/wp-login.php' not found or unable to stat, referer: http://vmi368076.contaboserver.net
[Thu May 02 18:20:45.446384 2024] [core:error] [pid 20195] [client 107.175.91.198:53094] AH00126: Invalid URI in request GET /%2e%2e/%2e%2e/%2e%2e/%2e%2e/%2e%2e/%2e%2e/%2e%2e/etc/passwd HTTP/1.1
[Thu May 02 18:20:46.422434 2024] [php7:error] [pid 5769] [client 107.175.91.198:53344] script '/var/www/html/haciendabrasilia/index.php' not found or unable to stat
[Thu May 02 18:20:47.456188 2024] [php7:error] [pid 20287] [client 107.175.91.198:54004] script '/var/www/html/haciendabrasilia/2fv1NrhXv5DCAPajijrykJNOhkj.php' not found or unable to stat
[Thu May 02 18:20:47.459292 2024] [core:error] [pid 20276] [client 107.175.91.198:54034] AH00126: Invalid URI in request GET /icons/.%2e/%2e%2e/%2e%2e/%2e%2e/%2e%2e/%2e%2e/etc/passwd HTTP/1.1
[Thu May 02 18:20:47.473460 2024] [cgi:error] [pid 20294] [client 107.175.91.198:54074] script not found or unable to stat: /var/www/cgi-bin/broker
[Thu May 02 18:20:47.488045 2024] [cgi:error] [pid 20297] [client 107.175.91.198:54104] script not found or unable to stat: /var/www/cgi-bin/slogin
[Thu May 02 18:20:48.445766 2024] [core:error] [pid 20304] [client 107.175.91.198:54508] AH00126: Invalid URI in request GET /asd/../../../../../../../../etc/passwd HTTP/1.1
[Thu May 02 18:20:48.461370 2024] [core:error] [pid 20276] [client 107.175.91.198:54690] AH00126: Invalid URI in request GET /img/../../../../../../etc/passwd HTTP/1.1
[Thu May 02 18:20:49.386923 2024] [core:error] [pid 20305] [client 107.175.91.198:54944] AH00126: Invalid URI in request GET /public/plugins/alertlist/../../../../../../../../../../../../../../../../../../../etc/passwd HTTP/1.1
[Thu May 02 18:20:54.365011 2024] [cgi:error] [pid 20247] [client 107.175.91.198:57648] script not found or unable to stat: /var/www/cgi-bin/tsaupload.cgi
[Thu May 02 18:20:54.369067 2024] [cgi:error] [pid 20294] [client 107.175.91.198:57688] script not found or unable to stat: /var/www/cgi-bin/OKSe8j.txt
[Thu May 02 18:20:55.373021 2024] [core:error] [pid 20195] [client 107.175.91.198:58252] AH00126: Invalid URI in request GET /cgi-bin/.%2e/.%2e/.%2e/.%2e/etc/passwd HTTP/1.1
[Thu May 02 18:20:55.426409 2024] [cgi:error] [pid 20273] [client 107.175.91.198:58458] script not found or unable to stat: /var/www/cgi-bin/admin.cgi
[Thu May 02 18:20:55.457277 2024] [cgi:error] [pid 20276] [client 107.175.91.198:58578] script not found or unable to stat: /var/www/cgi-bin/joyaKt.txt
[Thu May 02 18:20:56.386247 2024] [cgi:error] [pid 20195] [client 107.175.91.198:58902] script not found or unable to stat: /var/www/cgi-bin/export-cgi
[Thu May 02 18:20:57.481758 2024] [core:error] [pid 20310] [client 107.175.91.198:59774] AH00126: Invalid URI in request GET /public/plugins/alertlist/../../../../../../../../../../../../../../../../../../../windows/win.ini HTTP/1.1
[Thu May 02 18:21:02.554950 2024] [cgi:error] [pid 20239] [client 107.175.91.198:34344] script not found or unable to stat: /var/www/cgi-bin/OKSe8j.txt
[Thu May 02 18:21:03.491663 2024] [core:error] [pid 20273] [client 107.175.91.198:34780] AH00126: Invalid URI in request POST /cgi-bin/.%2e/%2e%2e/%2e%2e/%2e%2e/%2e%2e/%2e%2e/bin/sh HTTP/1.1
[Thu May 02 18:21:03.522052 2024] [cgi:error] [pid 20309] [client 107.175.91.198:34956] script not found or unable to stat: /var/www/cgi-bin/joyaKt.txt
[Thu May 02 18:21:05.405570 2024] [core:error] [pid 20315] [client 107.175.91.198:35596] AH00126: Invalid URI in request GET /public/plugins/alertlist/../../../../../conf/defaults.ini HTTP/1.1
[Thu May 02 18:21:05.545284 2024] [php7:error] [pid 20315] [client 107.175.91.198:35780] script '/var/www/html/haciendabrasilia/index.php' not found or unable to stat
[Thu May 02 18:21:09.356949 2024] [cgi:error] [pid 20286] [client 107.175.91.198:37600] script not found or unable to stat: /var/www/cgi-bin/mesh.cgi
[Thu May 02 18:21:09.379586 2024] [cgi:error] [pid 20239] [client 107.175.91.198:37694] script not found or unable to stat: /var/www/cgi-bin/nightled.cgi
[Thu May 02 18:21:10.383854 2024] [cgi:error] [pid 20218] [client 107.175.91.198:38134] script not found or unable to stat: /var/www/cgi-bin/touchlist_sync.cgi
[Thu May 02 18:21:10.463396 2024] [cgi:error] [pid 12004] [client 107.175.91.198:38510] script not found or unable to stat: /var/www/cgi-bin/downloadFlile.cgi
[Thu May 02 18:21:12.476363 2024] [php7:error] [pid 20315] [client 107.175.91.198:39546] script '/var/www/html/haciendabrasilia/index.php' not found or unable to stat
[Thu May 02 18:21:12.495646 2024] [php7:error] [pid 5769] [client 107.175.91.198:39630] script '/var/www/html/haciendabrasilia/index_sso.php' not found or unable to stat
[Thu May 02 18:21:13.392150 2024] [php7:error] [pid 20197] [client 107.175.91.198:39856] script '/var/www/html/haciendabrasilia/index.php' not found or unable to stat
[Thu May 02 18:21:16.771646 2024] [php7:error] [pid 20297] [client 107.175.91.198:41506] script '/var/www/html/haciendabrasilia/category_view.php' not found or unable to stat
[Thu May 02 18:21:17.425220 2024] [php7:error] [pid 20309] [client 107.175.91.198:41806] script '/var/www/html/haciendabrasilia/downloader.php' not found or unable to stat
[Thu May 02 18:21:17.443434 2024] [php7:error] [pid 20305] [client 107.175.91.198:41882] script '/var/www/html/haciendabrasilia/conf_mail.php' not found or unable to stat
[Thu May 02 18:21:19.454360 2024] [php7:error] [pid 20314] [client 107.175.91.198:42908] script '/var/www/html/haciendabrasilia/card_scan.php' not found or unable to stat
[Thu May 02 18:21:24.396169 2024] [cgi:error] [pid 20205] [client 107.175.91.198:45286] script not found or unable to stat: /var/www/cgi-bin/popen.cgi
[Thu May 02 18:21:24.396607 2024] [cgi:error] [pid 20240] [client 107.175.91.198:45288] script not found or unable to stat: /var/www/cgi-bin/popen.cgi
[Thu May 02 18:21:25.519496 2024] [php7:error] [pid 20227] [client 107.175.91.198:45648] script '/var/www/html/haciendabrasilia/folder_view.php' not found or unable to stat
[Thu May 02 18:21:26.623990 2024] [core:error] [pid 20317] [client 107.175.91.198:46194] AH00126: Invalid URI in request GET /../../../../../../../../etc/passwd HTTP/1.1
[Thu May 02 18:21:28.401994 2024] [php7:error] [pid 20325] [client 107.175.91.198:47292] script '/var/www/html/haciendabrasilia/network_test.php' not found or unable to stat
[Thu May 02 18:21:33.513556 2024] [cgi:error] [pid 20323] [client 107.175.91.198:50098] script not found or unable to stat: /var/www/cgi-bin/ExportLogs.sh
[Thu May 02 18:21:34.693821 2024] [php7:error] [pid 20239] [client 107.175.91.198:50574] script '/var/www/html/haciendabrasilia/index.php' not found or unable to stat
[Thu May 02 18:21:38.381892 2024] [php7:error] [pid 20314] [client 107.175.91.198:52216] script '/var/www/html/haciendabrasilia/downloader.php' not found or unable to stat
[Thu May 02 18:21:39.460034 2024] [cgi:error] [pid 20282] [client 107.175.91.198:52818] script not found or unable to stat: /var/www/cgi-bin/fax_change_faxtrace_settings
[Thu May 02 18:21:46.537681 2024] [php7:error] [pid 20197] [client 107.175.91.198:55074] script '/var/www/html/haciendabrasilia/spip.php' not found or unable to stat
[Thu May 02 18:21:46.881085 2024] [php7:error] [pid 20344] [client 107.175.91.198:56116] script '/var/www/html/haciendabrasilia/index.php' not found or unable to stat, referer: http://vmi368076.contaboserver.net/index.php/management/datetime
[Thu May 02 18:21:48.402336 2024] [php7:error] [pid 20239] [client 107.175.91.198:57104] script '/var/www/html/haciendabrasilia/texteditor.php' not found or unable to stat
[Thu May 02 18:21:48.409697 2024] [cgi:error] [pid 20350] [client 107.175.91.198:57242] script not found or unable to stat: /var/www/cgi-bin/cstecgi.cgi
[Thu May 02 18:21:48.439504 2024] [php7:error] [pid 20353] [client 107.175.91.198:57294] script '/var/www/html/haciendabrasilia/wp-login.php' not found or unable to stat
[Thu May 02 18:21:49.350447 2024] [php7:error] [pid 20356] [client 107.175.91.198:57558] script '/var/www/html/haciendabrasilia/ajax.php' not found or unable to stat
[Thu May 02 18:21:56.477467 2024] [cgi:error] [pid 20346] [client 107.175.91.198:33260] script not found or unable to stat: /var/www/cgi-bin/exportCfgwithpasswd
[Thu May 02 18:21:58.477335 2024] [php7:error] [pid 20326] [client 107.175.91.198:34210] script '/var/www/html/haciendabrasilia/login.php' not found or unable to stat
[Thu May 02 18:22:00.843977 2024] [php7:error] [pid 20328] [client 107.175.91.198:34942] script '/var/www/html/haciendabrasilia/login.php' not found or unable to stat
[Thu May 02 18:22:00.935148 2024] [core:error] [pid 5769] [client 107.175.91.198:35062] AH00126: Invalid URI in request GET /.%2e/%2e%2e/%2e%2e/%2e%2e/etc/config/nodogsplash HTTP/1.1
[Thu May 02 18:22:00.962793 2024] [php7:error] [pid 20315] [client 107.175.91.198:35344] script '/var/www/html/haciendabrasilia/login.php' not found or unable to stat
[Thu May 02 18:22:00.988983 2024] [php7:error] [pid 20282] [client 107.175.91.198:35340] script '/var/www/html/haciendabrasilia/login.php' not found or unable to stat
[Thu May 02 18:22:03.521282 2024] [php7:error] [pid 20342] [client 107.175.91.198:36656] script '/var/www/html/haciendabrasilia/index.php' not found or unable to stat
[Thu May 02 18:22:05.444869 2024] [php7:error] [pid 20240] [client 107.175.91.198:37492] script '/var/www/html/haciendabrasilia/connectioncheck.php' not found or unable to stat
[Thu May 02 18:22:05.503526 2024] [cgi:error] [pid 20239] [client 107.175.91.198:37658] script not found or unable to stat: /var/www/cgi-bin/quick
[Thu May 02 18:22:05.503728 2024] [cgi:error] [pid 20333] [client 107.175.91.198:37620] script not found or unable to stat: /var/www/cgi-bin/vitogate.cgi
[Thu May 02 18:22:08.417703 2024] [core:error] [pid 20273] [client 107.175.91.198:38990] AH00126: Invalid URI in request GET /static/js/../../../../../../../../../../../../../../etc/passwd HTTP/1.1
