[Thu Apr 04 09:11:12.747465 2024] [php7:error] [pid 23076] [client 152.42.194.145:55282] script '/var/www/html/haciendabrasilia/1.php' not found or unable to stat
[Thu Apr 04 09:11:14.291146 2024] [php7:error] [pid 29391] [client 152.42.194.145:55324] script '/var/www/html/haciendabrasilia/password.php' not found or unable to stat
[Thu Apr 04 09:11:14.703386 2024] [php7:error] [pid 5363] [client 152.42.194.145:55328] script '/var/www/html/haciendabrasilia/info.php' not found or unable to stat
[Thu Apr 04 20:05:35.464185 2024] [cgi:error] [pid 5363] [client 185.224.128.34:60236] script not found or unable to stat: /var/www/cgi-bin/luci
[Thu Apr 04 20:13:40.898243 2024] [cgi:error] [pid 29392] [client 80.94.92.60:47994] script not found or unable to stat: /var/www/cgi-bin/luci
[Thu Apr 04 20:13:42.751807 2024] [cgi:error] [pid 29392] [client 80.94.92.60:47994] script not found or unable to stat: /var/www/cgi-bin/luci
[Fri Apr 05 00:05:05.490956 2024] [php7:error] [pid 29390] [client 139.59.86.215:33822] script '/var/www/html/haciendabrasilia/upl.php' not found or unable to stat
[Fri Apr 05 00:05:07.467604 2024] [php7:error] [pid 30514] [client 139.59.86.215:33862] script '/var/www/html/haciendabrasilia/1.php' not found or unable to stat
[Fri Apr 05 00:05:08.536905 2024] [php7:error] [pid 29392] [client 139.59.86.215:33910] script '/var/www/html/haciendabrasilia/password.php' not found or unable to stat
[Fri Apr 05 00:05:08.803036 2024] [php7:error] [pid 16905] [client 139.59.86.215:33924] script '/var/www/html/haciendabrasilia/info.php' not found or unable to stat
[Fri Apr 05 05:13:01.174115 2024] [php7:error] [pid 29391] [client 193.35.18.40:41160] script '/var/www/html/haciendabrasilia/index.php' not found or unable to stat
[Fri Apr 05 05:42:12.716479 2024] [php7:error] [pid 29392] [client 101.36.106.134:32996] script '/var/www/html/haciendabrasilia/index_sso.php' not found or unable to stat
[Fri Apr 05 13:50:24.766826 2024] [php7:error] [pid 16905] [client 66.249.79.35:64393] script '/var/www/html/haciendabrasilia/wp-login.php' not found or unable to stat
[Fri Apr 05 13:52:41.667520 2024] [php7:error] [pid 29390] [client 35.216.207.137:55924] script '/var/www/html/haciendabrasilia/info.php' not found or unable to stat
[Fri Apr 05 15:54:39.916786 2024] [php7:error] [pid 29390] [client 138.68.240.14:43958] script '/var/www/html/haciendabrasilia/upl.php' not found or unable to stat
[Fri Apr 05 15:54:41.205055 2024] [php7:error] [pid 29392] [client 138.68.240.14:43998] script '/var/www/html/haciendabrasilia/1.php' not found or unable to stat
[Fri Apr 05 15:54:42.496854 2024] [php7:error] [pid 24588] [client 138.68.240.14:44036] script '/var/www/html/haciendabrasilia/password.php' not found or unable to stat
[Fri Apr 05 15:54:42.824672 2024] [php7:error] [pid 6887] [client 138.68.240.14:44046] script '/var/www/html/haciendabrasilia/info.php' not found or unable to stat
[Fri Apr 05 18:06:01.461491 2024] [cgi:error] [pid 6573] [client 80.94.92.60:45580] script not found or unable to stat: /var/www/cgi-bin/luci
[Fri Apr 05 18:06:01.462805 2024] [cgi:error] [pid 6573] [client 80.94.92.60:45580] script not found or unable to stat: /var/www/cgi-bin/luci
[Fri Apr 05 22:50:02.387943 2024] [php7:error] [pid 29391] [client 172.233.57.157:54252] script '/var/www/html/haciendabrasilia/indice.php' not found or unable to stat
[Fri Apr 05 22:50:02.548990 2024] [php7:error] [pid 6573] [client 172.233.57.157:54254] script '/var/www/html/haciendabrasilia/base.php' not found or unable to stat
[Fri Apr 05 22:50:04.480451 2024] [php7:error] [pid 6573] [client 172.233.57.157:54398] script '/var/www/html/haciendabrasilia/admin.php' not found or unable to stat
[Fri Apr 05 22:50:06.068591 2024] [php7:error] [pid 29392] [client 172.233.57.157:54508] script '/var/www/html/haciendabrasilia/index.php' not found or unable to stat
[Fri Apr 05 22:50:07.512444 2024] [php7:error] [pid 24588] [client 172.233.57.157:54586] script '/var/www/html/haciendabrasilia/home.php' not found or unable to stat
[Fri Apr 05 22:50:08.623484 2024] [php7:error] [pid 6573] [client 172.233.57.157:39234] script '/var/www/html/haciendabrasilia/menu.php' not found or unable to stat
[Fri Apr 05 22:50:09.419413 2024] [php7:error] [pid 24588] [client 172.233.57.157:39280] script '/var/www/html/haciendabrasilia/start.php' not found or unable to stat
[Fri Apr 05 22:50:14.563929 2024] [php7:error] [pid 24588] [client 172.233.57.157:39554] script '/var/www/html/haciendabrasilia/localstart.php' not found or unable to stat
[Fri Apr 05 22:50:15.043068 2024] [php7:error] [pid 29390] [client 172.233.57.157:39570] script '/var/www/html/haciendabrasilia/inicio.php' not found or unable to stat
[Fri Apr 05 22:50:15.360281 2024] [core:error] [pid 29391] [client 172.233.57.157:39584] AH00126: Invalid URI in request GET default.asp HTTP/1.1
[Sat Apr 06 05:25:41.202437 2024] [php7:error] [pid 23076] [client 165.22.97.103:32788] script '/var/www/html/haciendabrasilia/upl.php' not found or unable to stat
[Sat Apr 06 05:25:42.551078 2024] [php7:error] [pid 6573] [client 165.22.97.103:32816] script '/var/www/html/haciendabrasilia/1.php' not found or unable to stat
[Sat Apr 06 05:25:43.887715 2024] [php7:error] [pid 29391] [client 165.22.97.103:32852] script '/var/www/html/haciendabrasilia/password.php' not found or unable to stat
[Sat Apr 06 05:25:44.214128 2024] [php7:error] [pid 19265] [client 165.22.97.103:32858] script '/var/www/html/haciendabrasilia/info.php' not found or unable to stat
[Sat Apr 06 05:44:20.677953 2024] [cgi:error] [pid 23076] [client 185.224.128.34:57182] script not found or unable to stat: /var/www/cgi-bin/luci
[Sat Apr 06 10:12:39.243465 2024] [php7:error] [pid 23076] [client 152.32.211.69:40514] script '/var/www/html/haciendabrasilia/index_sso.php' not found or unable to stat
[Sat Apr 06 20:10:11.871904 2024] [cgi:error] [pid 29390] [client 185.224.128.34:41334] script not found or unable to stat: /var/www/cgi-bin/luci
[Sat Apr 06 22:46:32.021442 2024] [cgi:error] [pid 29390] [client 185.224.128.34:60898] script not found or unable to stat: /var/www/cgi-bin/luci
[Sun Apr 07 01:59:44.515408 2024] [php7:error] [pid 15501] [client 139.59.2.177:39126] script '/var/www/html/haciendabrasilia/upl.php' not found or unable to stat
[Sun Apr 07 01:59:45.618541 2024] [php7:error] [pid 29391] [client 139.59.2.177:59734] script '/var/www/html/haciendabrasilia/1.php' not found or unable to stat
[Sun Apr 07 01:59:46.737176 2024] [php7:error] [pid 6887] [client 139.59.2.177:59762] script '/var/www/html/haciendabrasilia/password.php' not found or unable to stat
[Sun Apr 07 01:59:47.020771 2024] [php7:error] [pid 24588] [client 139.59.2.177:59764] script '/var/www/html/haciendabrasilia/info.php' not found or unable to stat
[Sun Apr 07 02:12:21.681264 2024] [cgi:error] [pid 15501] [client 185.224.128.34:40268] script not found or unable to stat: /var/www/cgi-bin/luci
[Sun Apr 07 05:12:55.965646 2024] [cgi:error] [pid 15428] [client 185.224.128.34:46530] script not found or unable to stat: /var/www/cgi-bin/luci
[Sun Apr 07 08:20:25.772427 2024] [cgi:error] [pid 15428] [client 185.224.128.34:58964] script not found or unable to stat: /var/www/cgi-bin/luci
[Sun Apr 07 08:57:27.912380 2024] [php7:error] [pid 15431] [client 85.203.36.99:54733] script '/var/www/html/haciendabrasilia/frontend_dev.php' not found or unable to stat
[Sun Apr 07 08:58:12.344393 2024] [php7:error] [pid 19338] [client 85.203.36.102:34713] script '/var/www/html/haciendabrasilia/app_dev.php' not found or unable to stat
[Sun Apr 07 08:58:20.649697 2024] [php7:error] [pid 15431] [client 85.203.36.99:59987] script '/var/www/html/haciendabrasilia/app_dev.php' not found or unable to stat
[Sun Apr 07 08:58:21.307322 2024] [php7:error] [pid 21146] [client 85.203.36.124:46255] script '/var/www/html/haciendabrasilia/phpinfo.php' not found or unable to stat
[Sun Apr 07 08:58:22.012275 2024] [php7:error] [pid 21151] [client 85.203.36.91:18073] script '/var/www/html/haciendabrasilia/info.php' not found or unable to stat
[Sun Apr 07 08:58:27.457611 2024] [php7:error] [pid 15431] [client 45.89.242.89:16123] script '/var/www/html/haciendabrasilia/__info.php' not found or unable to stat
[Sun Apr 07 08:58:27.999727 2024] [php7:error] [pid 21146] [client 45.89.242.86:56125] script '/var/www/html/haciendabrasilia/_info-backoffice.php' not found or unable to stat
[Sun Apr 07 08:58:28.460422 2024] [php7:error] [pid 21151] [client 45.89.242.83:25399] script '/var/www/html/haciendabrasilia/_info.php' not found or unable to stat
[Sun Apr 07 08:58:29.524748 2024] [php7:error] [pid 15432] [client 85.203.36.103:17707] script '/var/www/html/haciendabrasilia/_phpinf.php' not found or unable to stat
[Sun Apr 07 08:58:30.244112 2024] [php7:error] [pid 19338] [client 45.89.242.88:51135] script '/var/www/html/haciendabrasilia/_phpinfo.php' not found or unable to stat
[Sun Apr 07 08:58:30.943841 2024] [php7:error] [pid 15430] [client 45.89.242.90:63721] script '/var/www/html/haciendabrasilia/_poopinfo.php' not found or unable to stat
[Sun Apr 07 08:58:31.404940 2024] [php7:error] [pid 15429] [client 45.89.242.83:49597] script '/var/www/html/haciendabrasilia/.__info.php' not found or unable to stat
[Sun Apr 07 08:58:32.031511 2024] [php7:error] [pid 21147] [client 85.203.36.104:56775] script '/var/www/html/haciendabrasilia/.info.php' not found or unable to stat
[Sun Apr 07 08:58:32.576447 2024] [php7:error] [pid 21145] [client 85.203.36.122:42427] script '/var/www/html/haciendabrasilia/0.0_phpinfo.php' not found or unable to stat
[Sun Apr 07 08:58:33.308080 2024] [php7:error] [pid 15623] [client 45.89.242.85:34151] script '/var/www/html/haciendabrasilia/00_server_info.php' not found or unable to stat
[Sun Apr 07 09:05:33.369366 2024] [php7:error] [pid 21146] [client 85.203.36.118:13309] script '/var/www/html/haciendabrasilia/02-info.php' not found or unable to stat
[Sun Apr 07 09:05:34.244041 2024] [php7:error] [pid 21151] [client 85.203.36.91:39265] script '/var/www/html/haciendabrasilia/1_1_PhpInfo.php' not found or unable to stat
[Sun Apr 07 09:05:34.893884 2024] [php7:error] [pid 15432] [client 45.89.242.86:30019] script '/var/www/html/haciendabrasilia/5info.php' not found or unable to stat
[Sun Apr 07 09:26:04.383796 2024] [cgi:error] [pid 15431] [client 81.200.119.228:49500] script not found or unable to stat: /var/www/cgi-bin/faststream.jpg
[Sun Apr 07 11:11:16.654259 2024] [cgi:error] [pid 15431] [client 185.224.128.34:32922] script not found or unable to stat: /var/www/cgi-bin/luci
[Sun Apr 07 13:55:17.955485 2024] [php7:error] [pid 15432] [client 170.64.149.186:60354] script '/var/www/html/haciendabrasilia/upl.php' not found or unable to stat
[Sun Apr 07 13:55:20.444484 2024] [php7:error] [pid 21146] [client 170.64.149.186:60396] script '/var/www/html/haciendabrasilia/1.php' not found or unable to stat
[Sun Apr 07 13:55:22.951296 2024] [php7:error] [pid 21147] [client 170.64.149.186:50056] script '/var/www/html/haciendabrasilia/password.php' not found or unable to stat
[Sun Apr 07 13:55:23.573847 2024] [php7:error] [pid 19338] [client 170.64.149.186:50062] script '/var/www/html/haciendabrasilia/info.php' not found or unable to stat
[Sun Apr 07 14:59:24.025080 2024] [cgi:error] [pid 15623] [client 185.224.128.34:59384] script not found or unable to stat: /var/www/cgi-bin/luci
[Sun Apr 07 17:22:32.592771 2024] [cgi:error] [pid 21147] [client 185.224.128.34:40270] script not found or unable to stat: /var/www/cgi-bin/luci
[Sun Apr 07 19:13:53.598108 2024] [cgi:error] [pid 15623] [client 52.56.131.124:42962] script not found or unable to stat: /var/www/cgi-bin/login.cgi
[Sun Apr 07 21:54:33.825763 2024] [cgi:error] [pid 15432] [client 185.224.128.34:33306] script not found or unable to stat: /var/www/cgi-bin/luci
[Mon Apr 08 00:39:15.336518 2024] [cgi:error] [pid 15431] [client 185.224.128.34:37220] script not found or unable to stat: /var/www/cgi-bin/luci
[Mon Apr 08 04:24:11.375133 2024] [php7:error] [pid 21145] [client 178.254.41.18:52360] script '/var/www/html/haciendabrasilia/phpinfo.php' not found or unable to stat
[Mon Apr 08 04:24:11.418570 2024] [php7:error] [pid 21146] [client 178.254.41.18:52404] script '/var/www/html/haciendabrasilia/info.php' not found or unable to stat
[Mon Apr 08 04:24:15.617392 2024] [php7:error] [pid 21147] [client 178.254.41.18:59074] script '/var/www/html/haciendabrasilia/phpinfo.php' not found or unable to stat
[Mon Apr 08 04:24:15.674612 2024] [php7:error] [pid 15429] [client 178.254.41.18:59156] script '/var/www/html/haciendabrasilia/info.php' not found or unable to stat
[Mon Apr 08 04:32:05.762816 2024] [cgi:error] [pid 15432] [client 185.224.128.34:35408] script not found or unable to stat: /var/www/cgi-bin/luci
[Mon Apr 08 06:29:43.342597 2024] [php7:error] [pid 15623] [client 159.223.83.117:36104] script '/var/www/html/haciendabrasilia/upl.php' not found or unable to stat
[Mon Apr 08 06:29:44.898432 2024] [php7:error] [pid 21146] [client 159.223.83.117:36130] script '/var/www/html/haciendabrasilia/1.php' not found or unable to stat
[Mon Apr 08 06:29:46.351499 2024] [php7:error] [pid 21147] [client 159.223.83.117:36164] script '/var/www/html/haciendabrasilia/password.php' not found or unable to stat
[Mon Apr 08 06:29:46.760493 2024] [php7:error] [pid 15430] [client 159.223.83.117:36166] script '/var/www/html/haciendabrasilia/info.php' not found or unable to stat
[Mon Apr 08 07:08:12.897581 2024] [cgi:error] [pid 19338] [client 185.224.128.34:45956] script not found or unable to stat: /var/www/cgi-bin/luci
[Mon Apr 08 10:31:46.114296 2024] [cgi:error] [pid 15623] [client 185.224.128.34:40400] script not found or unable to stat: /var/www/cgi-bin/luci
[Mon Apr 08 13:28:06.691349 2024] [cgi:error] [pid 15431] [client 185.224.128.34:47190] script not found or unable to stat: /var/www/cgi-bin/luci
[Mon Apr 08 16:23:10.346150 2024] [cgi:error] [pid 21145] [client 185.224.128.34:53254] script not found or unable to stat: /var/www/cgi-bin/luci
[Mon Apr 08 17:30:54.779027 2024] [cgi:error] [pid 15431] [client 80.94.92.60:53744] script not found or unable to stat: /var/www/cgi-bin/luci
[Mon Apr 08 17:30:54.782241 2024] [cgi:error] [pid 15431] [client 80.94.92.60:53744] script not found or unable to stat: /var/www/cgi-bin/luci
[Mon Apr 08 19:49:03.195750 2024] [cgi:error] [pid 21151] [client 185.224.128.34:38360] script not found or unable to stat: /var/www/cgi-bin/luci
[Mon Apr 08 20:09:40.192166 2024] [php7:error] [pid 15430] [client 174.138.42.132:35344] script '/var/www/html/haciendabrasilia/upl.php' not found or unable to stat
[Mon Apr 08 20:09:41.042442 2024] [php7:error] [pid 19338] [client 174.138.42.132:35384] script '/var/www/html/haciendabrasilia/1.php' not found or unable to stat
[Mon Apr 08 20:09:41.845071 2024] [php7:error] [pid 15432] [client 174.138.42.132:35426] script '/var/www/html/haciendabrasilia/password.php' not found or unable to stat
[Mon Apr 08 20:09:42.044931 2024] [php7:error] [pid 21145] [client 174.138.42.132:35436] script '/var/www/html/haciendabrasilia/info.php' not found or unable to stat
[Mon Apr 08 22:44:26.533702 2024] [cgi:error] [pid 21146] [client 185.224.128.34:57000] script not found or unable to stat: /var/www/cgi-bin/luci
[Tue Apr 09 02:19:14.901827 2024] [cgi:error] [pid 21146] [client 185.224.128.34:60136] script not found or unable to stat: /var/www/cgi-bin/luci
[Tue Apr 09 05:16:55.007680 2024] [cgi:error] [pid 21145] [client 185.224.128.34:36474] script not found or unable to stat: /var/www/cgi-bin/luci
[Tue Apr 09 07:47:28.431803 2024] [cgi:error] [pid 21151] [client 185.224.128.34:41784] script not found or unable to stat: /var/www/cgi-bin/luci
[Tue Apr 09 08:00:28.628411 2024] [php7:error] [pid 21147] [client 167.99.175.105:36386] script '/var/www/html/haciendabrasilia/upl.php' not found or unable to stat
[Tue Apr 09 08:00:29.923860 2024] [php7:error] [pid 21146] [client 167.99.175.105:36426] script '/var/www/html/haciendabrasilia/1.php' not found or unable to stat
[Tue Apr 09 08:00:31.216390 2024] [php7:error] [pid 21145] [client 167.99.175.105:36462] script '/var/www/html/haciendabrasilia/password.php' not found or unable to stat
[Tue Apr 09 08:00:31.537369 2024] [php7:error] [pid 15430] [client 167.99.175.105:36478] script '/var/www/html/haciendabrasilia/info.php' not found or unable to stat
[Tue Apr 09 10:18:08.206704 2024] [cgi:error] [pid 21145] [client 185.224.128.34:50994] script not found or unable to stat: /var/www/cgi-bin/luci
[Tue Apr 09 13:24:03.002582 2024] [cgi:error] [pid 19338] [client 185.224.128.34:55220] script not found or unable to stat: /var/www/cgi-bin/luci
[Tue Apr 09 18:43:29.984055 2024] [cgi:error] [pid 28230] [client 185.224.128.34:58422] script not found or unable to stat: /var/www/cgi-bin/luci
[Tue Apr 09 20:03:15.001641 2024] [cgi:error] [pid 21147] [client 114.67.183.11:30701] script not found or unable to stat: /var/www/cgi-bin/nas_sharing.cgi
[Tue Apr 09 21:44:39.947771 2024] [cgi:error] [pid 21147] [client 101.132.154.203:44988] script not found or unable to stat: /var/www/cgi-bin/nas_sharing.cgi
[Tue Apr 09 21:45:43.190711 2024] [cgi:error] [pid 15429] [client 185.224.128.34:37628] script not found or unable to stat: /var/www/cgi-bin/luci
[Wed Apr 10 00:08:04.329495 2024] [php7:error] [pid 15430] [client 128.199.59.153:43434] script '/var/www/html/haciendabrasilia/upl.php' not found or unable to stat
[Wed Apr 10 00:08:04.505514 2024] [php7:error] [pid 15432] [client 128.199.59.153:43468] script '/var/www/html/haciendabrasilia/1.php' not found or unable to stat
[Wed Apr 10 00:08:04.678551 2024] [php7:error] [pid 15623] [client 128.199.59.153:43494] script '/var/www/html/haciendabrasilia/password.php' not found or unable to stat
[Wed Apr 10 00:08:04.724626 2024] [php7:error] [pid 28230] [client 128.199.59.153:43500] script '/var/www/html/haciendabrasilia/info.php' not found or unable to stat
[Wed Apr 10 00:54:57.193960 2024] [cgi:error] [pid 21151] [client 185.224.128.34:43738] script not found or unable to stat: /var/www/cgi-bin/luci
[Wed Apr 10 02:30:40.083930 2024] [cgi:error] [pid 19338] [client 194.120.230.94:39124] script not found or unable to stat: /var/www/cgi-bin/luci
[Wed Apr 10 03:44:48.132724 2024] [cgi:error] [pid 15430] [client 185.224.128.34:47232] script not found or unable to stat: /var/www/cgi-bin/luci
[Wed Apr 10 06:31:41.960134 2024] [cgi:error] [pid 15432] [client 185.224.128.34:50330] script not found or unable to stat: /var/www/cgi-bin/luci
[Wed Apr 10 07:00:36.478777 2024] [php7:error] [pid 19338] [client 165.154.120.89:46326] script '/var/www/html/haciendabrasilia/index_sso.php' not found or unable to stat
[Wed Apr 10 09:39:43.010226 2024] [cgi:error] [pid 25754] [client 83.172.46.156:43047] script not found or unable to stat: /var/www/cgi-bin/nas_sharing.cgi
[Wed Apr 10 10:05:31.539409 2024] [cgi:error] [pid 28230] [client 185.224.128.34:45964] script not found or unable to stat: /var/www/cgi-bin/luci
[Wed Apr 10 12:15:46.271898 2024] [cgi:error] [pid 24027] [client 185.224.128.34:50956] script not found or unable to stat: /var/www/cgi-bin/luci
[Wed Apr 10 15:38:29.914965 2024] [php7:error] [pid 25823] [client 45.130.20.45:54230] script '/var/www/html/haciendabrasilia/phpinfo.php' not found or unable to stat
[Wed Apr 10 15:38:30.044836 2024] [php7:error] [pid 28230] [client 45.130.20.45:54258] script '/var/www/html/haciendabrasilia/info.php' not found or unable to stat
[Wed Apr 10 15:38:38.221225 2024] [php7:error] [pid 24026] [client 45.130.20.45:33102] script '/var/www/html/haciendabrasilia/phpinfo.php' not found or unable to stat
[Wed Apr 10 15:38:38.271090 2024] [php7:error] [pid 19338] [client 45.130.20.45:33116] script '/var/www/html/haciendabrasilia/info.php' not found or unable to stat
[Wed Apr 10 16:35:07.478404 2024] [cgi:error] [pid 25823] [client 39.103.211.146:55296] script not found or unable to stat: /var/www/cgi-bin/nas_sharing.cgi
[Wed Apr 10 22:31:17.906998 2024] [php7:error] [pid 28230] [client 174.138.61.196:49986] script '/var/www/html/haciendabrasilia/upl.php' not found or unable to stat
[Wed Apr 10 22:31:18.699049 2024] [php7:error] [pid 19338] [client 174.138.61.196:50020] script '/var/www/html/haciendabrasilia/1.php' not found or unable to stat
[Wed Apr 10 22:31:19.487921 2024] [php7:error] [pid 15623] [client 174.138.61.196:39032] script '/var/www/html/haciendabrasilia/password.php' not found or unable to stat
[Wed Apr 10 22:31:19.684913 2024] [php7:error] [pid 15429] [client 174.138.61.196:39042] script '/var/www/html/haciendabrasilia/info.php' not found or unable to stat
[Thu Apr 11 11:14:22.884506 2024] [php7:error] [pid 20663] [client 46.101.0.233:37456] script '/var/www/html/haciendabrasilia/upl.php' not found or unable to stat
[Thu Apr 11 11:14:23.087685 2024] [php7:error] [pid 25823] [client 46.101.0.233:37480] script '/var/www/html/haciendabrasilia/1.php' not found or unable to stat
[Thu Apr 11 11:14:23.271992 2024] [php7:error] [pid 15623] [client 46.101.0.233:37516] script '/var/www/html/haciendabrasilia/password.php' not found or unable to stat
[Thu Apr 11 11:14:23.317700 2024] [php7:error] [pid 24027] [client 46.101.0.233:37532] script '/var/www/html/haciendabrasilia/info.php' not found or unable to stat
[Thu Apr 11 16:06:59.215686 2024] [core:error] [pid 30970] [client 89.169.20.202:39519] AH00126: Invalid URI in request GET /../../../../../mnt/mtd/Config/Account1 HTTP/1.0
[Thu Apr 11 16:06:59.480679 2024] [core:error] [pid 28230] [client 89.169.20.202:39984] AH00126: Invalid URI in request GET /../../../../../etc/passwd HTTP/1.0
[Fri Apr 12 04:36:48.259363 2024] [php7:error] [pid 28230] [client 193.222.96.163:55822] script '/var/www/html/haciendabrasilia/index.php' not found or unable to stat
[Fri Apr 12 04:36:49.488281 2024] [php7:error] [pid 28230] [client 193.222.96.163:55822] script '/var/www/html/haciendabrasilia/index.php' not found or unable to stat
[Fri Apr 12 04:36:50.824223 2024] [php7:error] [pid 28230] [client 193.222.96.163:55822] script '/var/www/html/haciendabrasilia/index.php' not found or unable to stat
[Fri Apr 12 04:36:53.331714 2024] [php7:error] [pid 28230] [client 193.222.96.163:55822] script '/var/www/html/haciendabrasilia/index.php' not found or unable to stat
[Fri Apr 12 05:55:41.006279 2024] [php7:error] [pid 25754] [client 159.65.181.156:44338] script '/var/www/html/haciendabrasilia/upl.php' not found or unable to stat
[Fri Apr 12 05:55:41.797416 2024] [php7:error] [pid 30970] [client 159.65.181.156:33036] script '/var/www/html/haciendabrasilia/1.php' not found or unable to stat
[Fri Apr 12 05:55:42.589574 2024] [php7:error] [pid 25823] [client 159.65.181.156:33068] script '/var/www/html/haciendabrasilia/password.php' not found or unable to stat
[Fri Apr 12 05:55:42.786974 2024] [php7:error] [pid 15623] [client 159.65.181.156:33076] script '/var/www/html/haciendabrasilia/info.php' not found or unable to stat
[Fri Apr 12 12:59:48.714094 2024] [cgi:error] [pid 20662] [client 18.170.33.122:46430] script not found or unable to stat: /var/www/cgi-bin/login.cgi
[Fri Apr 12 13:52:29.489581 2024] [php7:error] [pid 30970] [client 165.22.128.39:36430] script '/var/www/html/haciendabrasilia/upl.php' not found or unable to stat
[Fri Apr 12 13:52:30.773373 2024] [php7:error] [pid 15623] [client 165.22.128.39:36472] script '/var/www/html/haciendabrasilia/1.php' not found or unable to stat
[Fri Apr 12 13:52:32.049659 2024] [php7:error] [pid 28230] [client 165.22.128.39:36494] script '/var/www/html/haciendabrasilia/password.php' not found or unable to stat
[Fri Apr 12 13:52:32.375453 2024] [php7:error] [pid 20662] [client 165.22.128.39:36498] script '/var/www/html/haciendabrasilia/info.php' not found or unable to stat
[Sat Apr 13 06:56:26.105620 2024] [php7:error] [pid 22905] [client 138.68.100.205:42330] script '/var/www/html/haciendabrasilia/upl.php' not found or unable to stat
[Sat Apr 13 06:56:26.144593 2024] [php7:error] [pid 20662] [client 138.68.100.205:42360] script '/var/www/html/haciendabrasilia/1.php' not found or unable to stat
[Sat Apr 13 06:56:26.180490 2024] [php7:error] [pid 25823] [client 138.68.100.205:42380] script '/var/www/html/haciendabrasilia/password.php' not found or unable to stat
[Sat Apr 13 06:56:26.189399 2024] [php7:error] [pid 28230] [client 138.68.100.205:42388] script '/var/www/html/haciendabrasilia/info.php' not found or unable to stat
[Sat Apr 13 20:12:01.665219 2024] [php7:error] [pid 22905] [client 138.68.48.207:47548] script '/var/www/html/haciendabrasilia/upl.php' not found or unable to stat
[Sat Apr 13 20:12:02.951931 2024] [php7:error] [pid 15429] [client 138.68.48.207:47588] script '/var/www/html/haciendabrasilia/1.php' not found or unable to stat
[Sat Apr 13 20:12:04.239136 2024] [php7:error] [pid 30970] [client 138.68.48.207:47634] script '/var/www/html/haciendabrasilia/password.php' not found or unable to stat
[Sat Apr 13 20:12:04.556041 2024] [php7:error] [pid 28230] [client 138.68.48.207:47648] script '/var/www/html/haciendabrasilia/info.php' not found or unable to stat
[Sun Apr 14 10:50:46.768972 2024] [php7:error] [pid 12026] [client 142.93.241.4:50024] script '/var/www/html/haciendabrasilia/upl.php' not found or unable to stat
[Sun Apr 14 10:50:47.601944 2024] [php7:error] [pid 12027] [client 142.93.241.4:50076] script '/var/www/html/haciendabrasilia/1.php' not found or unable to stat
[Sun Apr 14 10:50:48.409220 2024] [php7:error] [pid 12063] [client 142.93.241.4:50118] script '/var/www/html/haciendabrasilia/password.php' not found or unable to stat
[Sun Apr 14 10:50:48.610228 2024] [php7:error] [pid 14367] [client 142.93.241.4:50128] script '/var/www/html/haciendabrasilia/info.php' not found or unable to stat
[Sun Apr 14 12:11:11.221141 2024] [php7:error] [pid 19148] [client 172.233.57.39:40348] script '/var/www/html/haciendabrasilia/home.php' not found or unable to stat
[Sun Apr 14 12:11:12.170006 2024] [php7:error] [pid 19148] [client 172.233.57.39:40450] script '/var/www/html/haciendabrasilia/default.php' not found or unable to stat
[Sun Apr 14 12:11:15.622444 2024] [php7:error] [pid 12028] [client 172.233.57.39:40638] script '/var/www/html/haciendabrasilia/indice.php' not found or unable to stat
[Sun Apr 14 12:11:16.560043 2024] [php7:error] [pid 12063] [client 172.233.57.39:60366] script '/var/www/html/haciendabrasilia/index.php' not found or unable to stat
[Sun Apr 14 12:11:16.716078 2024] [php7:error] [pid 14369] [client 172.233.57.39:60372] script '/var/www/html/haciendabrasilia/menu.php' not found or unable to stat
[Sun Apr 14 12:11:18.285959 2024] [php7:error] [pid 14367] [client 172.233.57.39:60484] script '/var/www/html/haciendabrasilia/main.php' not found or unable to stat
[Sun Apr 14 12:11:20.469421 2024] [php7:error] [pid 12029] [client 172.233.57.39:60624] script '/var/www/html/haciendabrasilia/localstart.php' not found or unable to stat
[Sun Apr 14 12:11:20.625596 2024] [php7:error] [pid 12063] [client 172.233.57.39:60636] script '/var/www/html/haciendabrasilia/base.php' not found or unable to stat
[Sun Apr 14 12:11:23.904378 2024] [php7:error] [pid 19148] [client 172.233.57.39:60804] script '/var/www/html/haciendabrasilia/admin.php' not found or unable to stat
[Sun Apr 14 12:11:26.009748 2024] [core:error] [pid 12028] [client 172.233.57.39:60914] AH00126: Invalid URI in request GET default.asp HTTP/1.1
[Sun Apr 14 12:11:26.184730 2024] [php7:error] [pid 12029] [client 172.233.57.39:33788] script '/var/www/html/haciendabrasilia/start.php' not found or unable to stat
[Sun Apr 14 12:11:26.783125 2024] [php7:error] [pid 12026] [client 172.233.57.39:33942] script '/var/www/html/haciendabrasilia/inicio.php' not found or unable to stat
[Mon Apr 15 01:33:26.465263 2024] [php7:error] [pid 12026] [client 165.22.229.141:52108] script '/var/www/html/haciendabrasilia/upl.php' not found or unable to stat
[Mon Apr 15 01:33:27.336674 2024] [php7:error] [pid 14367] [client 165.22.229.141:52156] script '/var/www/html/haciendabrasilia/1.php' not found or unable to stat
[Mon Apr 15 01:33:28.208929 2024] [php7:error] [pid 19148] [client 165.22.229.141:52192] script '/var/www/html/haciendabrasilia/password.php' not found or unable to stat
[Mon Apr 15 01:33:28.415946 2024] [php7:error] [pid 14368] [client 165.22.229.141:52202] script '/var/www/html/haciendabrasilia/info.php' not found or unable to stat
[Mon Apr 15 06:23:00.794217 2024] [cgi:error] [pid 12027] [client 199.204.96.242:45684] script not found or unable to stat: /var/www/cgi-bin/luci
[Mon Apr 15 16:04:48.839673 2024] [php7:error] [pid 2432] [client 68.183.202.75:33602] script '/var/www/html/haciendabrasilia/upl.php' not found or unable to stat
[Mon Apr 15 16:04:50.117820 2024] [php7:error] [pid 12025] [client 68.183.202.75:33638] script '/var/www/html/haciendabrasilia/1.php' not found or unable to stat
[Mon Apr 15 16:04:51.059536 2024] [php7:error] [pid 12027] [client 68.183.202.75:33786] script '/var/www/html/haciendabrasilia/password.php' not found or unable to stat
[Mon Apr 15 16:04:51.293373 2024] [php7:error] [pid 19161] [client 68.183.202.75:33790] script '/var/www/html/haciendabrasilia/info.php' not found or unable to stat
[Tue Apr 16 05:49:42.371017 2024] [php7:error] [pid 14367] [client 139.59.184.182:34548] script '/var/www/html/haciendabrasilia/upl.php' not found or unable to stat
[Tue Apr 16 05:49:42.561554 2024] [php7:error] [pid 12026] [client 139.59.184.182:34576] script '/var/www/html/haciendabrasilia/1.php' not found or unable to stat
[Tue Apr 16 05:49:42.746156 2024] [php7:error] [pid 12025] [client 139.59.184.182:34624] script '/var/www/html/haciendabrasilia/password.php' not found or unable to stat
[Tue Apr 16 05:49:42.793287 2024] [php7:error] [pid 19161] [client 139.59.184.182:34636] script '/var/www/html/haciendabrasilia/info.php' not found or unable to stat
[Tue Apr 16 10:42:46.961716 2024] [cgi:error] [pid 19161] [client 80.94.92.60:53094] script not found or unable to stat: /var/www/cgi-bin/nas_sharing.cgi
[Tue Apr 16 13:58:44.375501 2024] [php7:error] [pid 19161] [client 178.175.132.166:47371] script '/var/www/html/haciendabrasilia/azenv.php' not found or unable to stat
[Tue Apr 16 15:41:00.366195 2024] [php7:error] [pid 19148] [client 152.32.245.186:50276] script '/var/www/html/haciendabrasilia/index_sso.php' not found or unable to stat
[Tue Apr 16 17:27:35.713845 2024] [cgi:error] [pid 19148] [client 139.59.135.127:29430] script not found or unable to stat: /var/www/cgi-bin/authLogin.cgi
[Wed Apr 17 04:01:42.284457 2024] [php7:error] [pid 14368] [client 142.93.0.243:45664] script '/var/www/html/haciendabrasilia/upl.php' not found or unable to stat
[Wed Apr 17 04:01:43.086065 2024] [php7:error] [pid 12026] [client 142.93.0.243:45708] script '/var/www/html/haciendabrasilia/1.php' not found or unable to stat
[Wed Apr 17 04:01:43.883854 2024] [php7:error] [pid 12025] [client 142.93.0.243:45748] script '/var/www/html/haciendabrasilia/password.php' not found or unable to stat
[Wed Apr 17 04:01:44.083643 2024] [php7:error] [pid 19148] [client 142.93.0.243:45752] script '/var/www/html/haciendabrasilia/info.php' not found or unable to stat
[Wed Apr 17 13:56:40.688118 2024] [cgi:error] [pid 19161] [client 80.94.92.60:53590] script not found or unable to stat: /var/www/cgi-bin/nas_sharing.cgi
[Wed Apr 17 16:48:41.281005 2024] [php7:error] [pid 15811] [client 167.71.144.91:43314] script '/var/www/html/haciendabrasilia/upl.php' not found or unable to stat
[Wed Apr 17 16:48:42.572265 2024] [php7:error] [pid 14368] [client 167.71.144.91:43362] script '/var/www/html/haciendabrasilia/1.php' not found or unable to stat
[Wed Apr 17 16:48:43.851100 2024] [php7:error] [pid 12027] [client 167.71.144.91:43388] script '/var/www/html/haciendabrasilia/password.php' not found or unable to stat
[Wed Apr 17 16:48:44.174382 2024] [php7:error] [pid 12025] [client 167.71.144.91:43394] script '/var/www/html/haciendabrasilia/info.php' not found or unable to stat
[Wed Apr 17 17:02:22.874796 2024] [cgi:error] [pid 14367] [client 179.43.190.218:46852] script not found or unable to stat: /var/www/cgi-bin/luci
[Wed Apr 17 17:18:26.189452 2024] [cgi:error] [pid 2432] [client 107.21.36.205:35576] script not found or unable to stat: /var/www/cgi-bin/mt
[Wed Apr 17 17:18:36.390188 2024] [cgi:error] [pid 12172] [client 107.21.36.205:35724] script not found or unable to stat: /var/www/cgi-bin/mt
[Wed Apr 17 17:18:46.589676 2024] [cgi:error] [pid 12027] [client 107.21.36.205:35878] script not found or unable to stat: /var/www/cgi-bin/mt
[Wed Apr 17 17:18:56.789696 2024] [cgi:error] [pid 12025] [client 107.21.36.205:36016] script not found or unable to stat: /var/www/cgi-bin/mt
[Wed Apr 17 17:19:07.086656 2024] [cgi:error] [pid 15811] [client 107.21.36.205:36154] script not found or unable to stat: /var/www/cgi-bin/mt
[Wed Apr 17 17:19:17.383110 2024] [cgi:error] [pid 12026] [client 107.21.36.205:36302] script not found or unable to stat: /var/www/cgi-bin/mt
[Wed Apr 17 17:19:27.679964 2024] [cgi:error] [pid 19161] [client 107.21.36.205:36448] script not found or unable to stat: /var/www/cgi-bin/mt
[Wed Apr 17 17:19:37.976221 2024] [cgi:error] [pid 14367] [client 107.21.36.205:36592] script not found or unable to stat: /var/www/cgi-bin/mt
[Wed Apr 17 17:19:48.174839 2024] [php7:error] [pid 14368] [client 107.21.36.205:36730] script '/var/www/cgi-bin/index2.php' not found or unable to stat
[Wed Apr 17 17:19:58.373961 2024] [php7:error] [pid 19148] [client 107.21.36.205:36866] script '/var/www/html/haciendabrasilia/.libs.php' not found or unable to stat
[Wed Apr 17 17:20:08.573439 2024] [cgi:error] [pid 2432] [client 107.21.36.205:37010] script not found or unable to stat: /var/www/cgi-bin/mt
[Wed Apr 17 17:20:18.772209 2024] [cgi:error] [pid 12172] [client 107.21.36.205:37146] script not found or unable to stat: /var/www/cgi-bin/index2.php.cgi
[Wed Apr 17 17:21:50.954719 2024] [php7:error] [pid 2432] [client 107.21.36.205:38480] script '/var/www/html/haciendabrasilia/index2.php' not found or unable to stat
[Wed Apr 17 17:22:01.153688 2024] [php7:error] [pid 12172] [client 107.21.36.205:38622] script '/var/www/html/haciendabrasilia/.libs.php' not found or unable to stat
[Wed Apr 17 17:22:31.751222 2024] [core:error] [pid 15811] [client 107.21.36.205:39050] AH00126: Invalid URI in request POST /../cgi-bin/mt/mt-xmlrpc.cgi HTTP/1.1
[Wed Apr 17 17:22:41.950699 2024] [core:error] [pid 12026] [client 107.21.36.205:39190] AH00126: Invalid URI in request POST /../cgi-bin/mt/mt-xmlrpc.cgi HTTP/1.1
[Wed Apr 17 17:22:52.150273 2024] [core:error] [pid 19161] [client 107.21.36.205:39332] AH00126: Invalid URI in request POST /../cgi-bin/mt/mt-xmlrpc.cgi HTTP/1.1
[Wed Apr 17 17:23:02.349686 2024] [core:error] [pid 14367] [client 107.21.36.205:39470] AH00126: Invalid URI in request POST /../cgi-bin/mt/mt-xmlrpc.cgi HTTP/1.1
[Wed Apr 17 17:23:12.548972 2024] [core:error] [pid 14368] [client 107.21.36.205:39614] AH00126: Invalid URI in request POST /../cgi-bin/mt/mt-xmlrpc.cgi HTTP/1.1
[Wed Apr 17 17:23:22.748558 2024] [core:error] [pid 19148] [client 107.21.36.205:39758] AH00126: Invalid URI in request POST /../cgi-bin/mt/mt-xmlrpc.cgi HTTP/1.1
[Wed Apr 17 17:23:32.947710 2024] [core:error] [pid 2432] [client 107.21.36.205:39902] AH00126: Invalid URI in request POST /../cgi-bin/mt/mt-xmlrpc.cgi HTTP/1.1
[Wed Apr 17 17:23:43.147344 2024] [core:error] [pid 12172] [client 107.21.36.205:40044] AH00126: Invalid URI in request GET /../cgi-bin/mt/index2.php?info HTTP/1.1
[Wed Apr 17 17:23:53.346112 2024] [core:error] [pid 12027] [client 107.21.36.205:40182] AH00126: Invalid URI in request GET /../cgi-bin/mt../../index2.php?info HTTP/1.1
[Wed Apr 17 17:24:03.545487 2024] [php7:error] [pid 12025] [client 107.21.36.205:40322] script '/var/www/html/haciendabrasilia/.libs.php' not found or unable to stat
[Wed Apr 17 17:24:13.744476 2024] [core:error] [pid 15811] [client 107.21.36.205:40476] AH00126: Invalid URI in request GET /../cgi-bin/mt/index2.php.cgi?info HTTP/1.1
[Wed Apr 17 17:24:23.943203 2024] [core:error] [pid 12026] [client 107.21.36.205:40620] AH00126: Invalid URI in request GET /../cgi-bin/mt../../index2.php.cgi?info HTTP/1.1
[Wed Apr 17 17:24:34.141674 2024] [core:error] [pid 19161] [client 107.21.36.205:40762] AH00126: Invalid URI in request POST /../../cgi-bin/mt/mt-xmlrpc.cgi HTTP/1.1
[Wed Apr 17 17:24:44.340034 2024] [core:error] [pid 14367] [client 107.21.36.205:40908] AH00126: Invalid URI in request POST /../../cgi-bin/mt/mt-xmlrpc.cgi HTTP/1.1
[Wed Apr 17 17:24:54.538789 2024] [core:error] [pid 14368] [client 107.21.36.205:41054] AH00126: Invalid URI in request POST /../../cgi-bin/mt/mt-xmlrpc.cgi HTTP/1.1
[Wed Apr 17 17:25:04.737680 2024] [core:error] [pid 19148] [client 107.21.36.205:41200] AH00126: Invalid URI in request POST /../../cgi-bin/mt/mt-xmlrpc.cgi HTTP/1.1
[Wed Apr 17 17:25:14.936434 2024] [core:error] [pid 12172] [client 107.21.36.205:41348] AH00126: Invalid URI in request POST /../../cgi-bin/mt/mt-xmlrpc.cgi HTTP/1.1
[Wed Apr 17 17:25:25.135453 2024] [core:error] [pid 12027] [client 107.21.36.205:41496] AH00126: Invalid URI in request POST /../../cgi-bin/mt/mt-xmlrpc.cgi HTTP/1.1
[Wed Apr 17 17:25:35.333737 2024] [core:error] [pid 12025] [client 107.21.36.205:41640] AH00126: Invalid URI in request POST /../../cgi-bin/mt/mt-xmlrpc.cgi HTTP/1.1
[Wed Apr 17 17:25:45.532023 2024] [core:error] [pid 15811] [client 107.21.36.205:41782] AH00126: Invalid URI in request GET /../../cgi-bin/mt/index2.php?info HTTP/1.1
[Wed Apr 17 17:25:55.730101 2024] [core:error] [pid 12026] [client 107.21.36.205:41932] AH00126: Invalid URI in request GET /../../cgi-bin/mt../../index2.php?info HTTP/1.1
[Wed Apr 17 17:26:05.928789 2024] [php7:error] [pid 19161] [client 107.21.36.205:42080] script '/var/www/html/haciendabrasilia/.libs.php' not found or unable to stat
[Wed Apr 17 17:26:16.127598 2024] [core:error] [pid 14367] [client 107.21.36.205:42218] AH00126: Invalid URI in request GET /../../cgi-bin/mt/index2.php.cgi?info HTTP/1.1
[Wed Apr 17 17:26:26.326044 2024] [core:error] [pid 14368] [client 107.21.36.205:42360] AH00126: Invalid URI in request GET /../../cgi-bin/mt../../index2.php.cgi?info HTTP/1.1
[Wed Apr 17 17:27:48.311692 2024] [php7:error] [pid 19161] [client 107.21.36.205:43528] script '/var/www/html/haciendabrasilia/index2.php' not found or unable to stat
[Wed Apr 17 17:27:58.510460 2024] [core:error] [pid 14367] [client 107.21.36.205:43672] AH00126: Invalid URI in request GET /../../index2.php?info HTTP/1.1
[Wed Apr 17 17:28:08.708896 2024] [php7:error] [pid 14368] [client 107.21.36.205:43816] script '/var/www/html/haciendabrasilia/.libs.php' not found or unable to stat
[Wed Apr 17 17:28:29.107396 2024] [core:error] [pid 2432] [client 107.21.36.205:44104] AH00126: Invalid URI in request GET /../../index2.php.cgi?info HTTP/1.1
[Wed Apr 17 17:28:39.306548 2024] [core:error] [pid 12172] [client 107.21.36.205:44242] AH00126: Invalid URI in request POST /../../../cgi-bin/mt-xmlrpc.cgi HTTP/1.1
[Wed Apr 17 17:28:49.505624 2024] [core:error] [pid 12027] [client 107.21.36.205:44394] AH00126: Invalid URI in request POST /../../../cgi-bin/mt-xmlrpc.cgi HTTP/1.1
[Wed Apr 17 17:28:59.704454 2024] [core:error] [pid 12025] [client 107.21.36.205:44552] AH00126: Invalid URI in request POST /../../../cgi-bin/mt-xmlrpc.cgi HTTP/1.1
[Wed Apr 17 17:29:09.903479 2024] [core:error] [pid 15811] [client 107.21.36.205:44704] AH00126: Invalid URI in request POST /../../../cgi-bin/mt-xmlrpc.cgi HTTP/1.1
[Wed Apr 17 17:29:20.102537 2024] [core:error] [pid 12026] [client 107.21.36.205:44850] AH00126: Invalid URI in request POST /../../../cgi-bin/mt-xmlrpc.cgi HTTP/1.1
[Wed Apr 17 17:29:30.301164 2024] [core:error] [pid 19161] [client 107.21.36.205:45008] AH00126: Invalid URI in request POST /../../../cgi-bin/mt-xmlrpc.cgi HTTP/1.1
[Wed Apr 17 17:29:40.499818 2024] [core:error] [pid 14367] [client 107.21.36.205:45150] AH00126: Invalid URI in request POST /../../../cgi-bin/mt-xmlrpc.cgi HTTP/1.1
[Wed Apr 17 17:29:50.698748 2024] [core:error] [pid 14368] [client 107.21.36.205:45288] AH00126: Invalid URI in request GET /../../../cgi-bin/index2.php?info HTTP/1.1
[Wed Apr 17 17:30:00.897736 2024] [core:error] [pid 19148] [client 107.21.36.205:45426] AH00126: Invalid URI in request GET /../../../cgi-bin../../index2.php?info HTTP/1.1
[Wed Apr 17 17:30:11.097268 2024] [php7:error] [pid 2432] [client 107.21.36.205:45568] script '/var/www/html/haciendabrasilia/.libs.php' not found or unable to stat
[Wed Apr 17 17:30:21.295703 2024] [core:error] [pid 12172] [client 107.21.36.205:45702] AH00126: Invalid URI in request GET /../../../cgi-bin/index2.php.cgi?info HTTP/1.1
[Wed Apr 17 17:30:31.493951 2024] [core:error] [pid 12027] [client 107.21.36.205:45838] AH00126: Invalid URI in request GET /../../../cgi-bin../../index2.php.cgi?info HTTP/1.1
[Wed Apr 17 17:30:41.693042 2024] [cgi:error] [pid 12025] [client 107.21.36.205:45978] script not found or unable to stat: /var/www/cgi-bin/mt-xmlrpc.cgi
[Wed Apr 17 17:30:51.892238 2024] [cgi:error] [pid 15811] [client 107.21.36.205:46116] script not found or unable to stat: /var/www/cgi-bin/mt-xmlrpc.cgi
[Wed Apr 17 17:31:02.091508 2024] [cgi:error] [pid 12026] [client 107.21.36.205:46252] script not found or unable to stat: /var/www/cgi-bin/mt-xmlrpc.cgi
[Wed Apr 17 17:31:12.290576 2024] [cgi:error] [pid 19161] [client 107.21.36.205:46394] script not found or unable to stat: /var/www/cgi-bin/mt-xmlrpc.cgi
[Wed Apr 17 17:31:22.587387 2024] [cgi:error] [pid 14367] [client 107.21.36.205:46538] script not found or unable to stat: /var/www/cgi-bin/mt-xmlrpc.cgi
[Wed Apr 17 17:31:32.885126 2024] [cgi:error] [pid 14368] [client 107.21.36.205:46682] script not found or unable to stat: /var/www/cgi-bin/mt-xmlrpc.cgi
[Wed Apr 17 17:31:43.182409 2024] [cgi:error] [pid 19148] [client 107.21.36.205:46812] script not found or unable to stat: /var/www/cgi-bin/mt-xmlrpc.cgi
[Wed Apr 17 17:31:53.479883 2024] [php7:error] [pid 2432] [client 107.21.36.205:46950] script '/var/www/cgi-bin/index2.php' not found or unable to stat
[Wed Apr 17 17:32:03.678344 2024] [php7:error] [pid 12172] [client 107.21.36.205:47078] script '/var/www/html/haciendabrasilia/index2.php' not found or unable to stat
[Wed Apr 17 17:32:13.877518 2024] [php7:error] [pid 12027] [client 107.21.36.205:47214] script '/var/www/html/haciendabrasilia/.libs.php' not found or unable to stat
[Wed Apr 17 17:32:24.076223 2024] [cgi:error] [pid 12025] [client 107.21.36.205:47348] script not found or unable to stat: /var/www/cgi-bin/index2.php.cgi
[Wed Apr 17 17:32:44.475492 2024] [core:error] [pid 12026] [client 107.21.36.205:47618] AH00126: Invalid URI in request POST /../cgi-bin/mt-xmlrpc.cgi HTTP/1.1
[Wed Apr 17 17:32:54.674176 2024] [core:error] [pid 19161] [client 107.21.36.205:47752] AH00126: Invalid URI in request POST /../cgi-bin/mt-xmlrpc.cgi HTTP/1.1
[Wed Apr 17 17:33:04.873167 2024] [core:error] [pid 14367] [client 107.21.36.205:47894] AH00126: Invalid URI in request POST /../cgi-bin/mt-xmlrpc.cgi HTTP/1.1
[Wed Apr 17 17:33:15.072408 2024] [core:error] [pid 14368] [client 107.21.36.205:48034] AH00126: Invalid URI in request POST /../cgi-bin/mt-xmlrpc.cgi HTTP/1.1
[Wed Apr 17 17:33:25.271185 2024] [core:error] [pid 19148] [client 107.21.36.205:48172] AH00126: Invalid URI in request POST /../cgi-bin/mt-xmlrpc.cgi HTTP/1.1
[Wed Apr 17 17:33:35.469975 2024] [core:error] [pid 2432] [client 107.21.36.205:48302] AH00126: Invalid URI in request POST /../cgi-bin/mt-xmlrpc.cgi HTTP/1.1
[Wed Apr 17 17:33:45.669417 2024] [core:error] [pid 12027] [client 107.21.36.205:48440] AH00126: Invalid URI in request POST /../cgi-bin/mt-xmlrpc.cgi HTTP/1.1
[Wed Apr 17 17:33:55.868651 2024] [core:error] [pid 12025] [client 107.21.36.205:48574] AH00126: Invalid URI in request GET /../cgi-bin/index2.php?info HTTP/1.1
[Wed Apr 17 17:34:06.067592 2024] [core:error] [pid 15811] [client 107.21.36.205:48700] AH00126: Invalid URI in request GET /../cgi-bin../../index2.php?info HTTP/1.1
[Wed Apr 17 17:34:16.267106 2024] [php7:error] [pid 12026] [client 107.21.36.205:48834] script '/var/www/html/haciendabrasilia/.libs.php' not found or unable to stat
[Wed Apr 17 17:34:26.465476 2024] [core:error] [pid 19161] [client 107.21.36.205:48968] AH00126: Invalid URI in request GET /../cgi-bin/index2.php.cgi?info HTTP/1.1
[Wed Apr 17 17:34:36.664605 2024] [core:error] [pid 14367] [client 107.21.36.205:49096] AH00126: Invalid URI in request GET /../cgi-bin../../index2.php.cgi?info HTTP/1.1
[Wed Apr 17 17:34:46.864090 2024] [core:error] [pid 14368] [client 107.21.36.205:49232] AH00126: Invalid URI in request POST /../../cgi-bin/mt-xmlrpc.cgi HTTP/1.1
[Wed Apr 17 17:34:57.063340 2024] [core:error] [pid 19148] [client 107.21.36.205:49376] AH00126: Invalid URI in request POST /../../cgi-bin/mt-xmlrpc.cgi HTTP/1.1
[Wed Apr 17 17:35:07.262700 2024] [core:error] [pid 2432] [client 107.21.36.205:49518] AH00126: Invalid URI in request POST /../../cgi-bin/mt-xmlrpc.cgi HTTP/1.1
[Wed Apr 17 17:35:17.461641 2024] [core:error] [pid 12027] [client 107.21.36.205:49654] AH00126: Invalid URI in request POST /../../cgi-bin/mt-xmlrpc.cgi HTTP/1.1
[Wed Apr 17 17:35:27.659945 2024] [core:error] [pid 12172] [client 107.21.36.205:49796] AH00126: Invalid URI in request POST /../../cgi-bin/mt-xmlrpc.cgi HTTP/1.1
[Wed Apr 17 17:35:37.858153 2024] [core:error] [pid 12025] [client 107.21.36.205:49928] AH00126: Invalid URI in request POST /../../cgi-bin/mt-xmlrpc.cgi HTTP/1.1
[Wed Apr 17 17:35:48.057079 2024] [core:error] [pid 15811] [client 107.21.36.205:50064] AH00126: Invalid URI in request POST /../../cgi-bin/mt-xmlrpc.cgi HTTP/1.1
[Wed Apr 17 17:35:58.256367 2024] [core:error] [pid 12026] [client 107.21.36.205:50200] AH00126: Invalid URI in request GET /../../cgi-bin/index2.php?info HTTP/1.1
[Wed Apr 17 17:36:08.455027 2024] [core:error] [pid 19161] [client 107.21.36.205:50330] AH00126: Invalid URI in request GET /../../cgi-bin../../index2.php?info HTTP/1.1
[Wed Apr 17 17:36:18.653899 2024] [php7:error] [pid 14367] [client 107.21.36.205:50464] script '/var/www/html/haciendabrasilia/.libs.php' not found or unable to stat
[Wed Apr 17 17:36:28.852506 2024] [core:error] [pid 14368] [client 107.21.36.205:50592] AH00126: Invalid URI in request GET /../../cgi-bin/index2.php.cgi?info HTTP/1.1
[Wed Apr 17 17:36:39.050996 2024] [core:error] [pid 19148] [client 107.21.36.205:50726] AH00126: Invalid URI in request GET /../../cgi-bin../../index2.php.cgi?info HTTP/1.1
[Wed Apr 17 17:36:49.250158 2024] [cgi:error] [pid 2432] [client 107.21.36.205:50864] script not found or unable to stat: /var/www/cgi-bin/mt
[Wed Apr 17 17:36:59.448364 2024] [cgi:error] [pid 12027] [client 107.21.36.205:51002] script not found or unable to stat: /var/www/cgi-bin/mt
[Wed Apr 17 17:37:09.647197 2024] [cgi:error] [pid 12172] [client 107.21.36.205:51132] script not found or unable to stat: /var/www/cgi-bin/mt
[Wed Apr 17 17:37:19.846010 2024] [cgi:error] [pid 12025] [client 107.21.36.205:51276] script not found or unable to stat: /var/www/cgi-bin/mt
[Wed Apr 17 17:37:30.142780 2024] [cgi:error] [pid 15811] [client 107.21.36.205:51406] script not found or unable to stat: /var/www/cgi-bin/mt
[Wed Apr 17 17:37:40.439570 2024] [cgi:error] [pid 12026] [client 107.21.36.205:51540] script not found or unable to stat: /var/www/cgi-bin/mt
[Wed Apr 17 17:37:50.736096 2024] [cgi:error] [pid 19161] [client 107.21.36.205:51684] script not found or unable to stat: /var/www/cgi-bin/mt
[Wed Apr 17 17:38:01.032840 2024] [cgi:error] [pid 14367] [client 107.21.36.205:51832] script not found or unable to stat: /var/www/cgi-bin/mt
[Wed Apr 17 17:38:11.231624 2024] [php7:error] [pid 14368] [client 107.21.36.205:51970] script '/var/www/cgi-bin/index2.php' not found or unable to stat
[Wed Apr 17 17:38:21.430077 2024] [php7:error] [pid 19148] [client 107.21.36.205:52108] script '/var/www/html/haciendabrasilia/.libs.php' not found or unable to stat
[Wed Apr 17 17:38:31.628687 2024] [cgi:error] [pid 2432] [client 107.21.36.205:52260] script not found or unable to stat: /var/www/cgi-bin/mt
[Wed Apr 17 17:38:41.827918 2024] [cgi:error] [pid 12027] [client 107.21.36.205:52402] script not found or unable to stat: /var/www/cgi-bin/index2.php.cgi
[Wed Apr 17 17:38:52.027654 2024] [cgi:error] [pid 12172] [client 107.21.36.205:52534] script not found or unable to stat: /var/www/cgi-bin/mt-xmlrpc.cgi
[Wed Apr 17 17:39:02.226226 2024] [cgi:error] [pid 12025] [client 107.21.36.205:52682] script not found or unable to stat: /var/www/cgi-bin/mt-xmlrpc.cgi
[Wed Apr 17 17:39:12.425411 2024] [cgi:error] [pid 15811] [client 107.21.36.205:52824] script not found or unable to stat: /var/www/cgi-bin/mt-xmlrpc.cgi
[Wed Apr 17 17:39:22.624169 2024] [cgi:error] [pid 12026] [client 107.21.36.205:52960] script not found or unable to stat: /var/www/cgi-bin/mt-xmlrpc.cgi
[Wed Apr 17 17:39:32.921505 2024] [cgi:error] [pid 19161] [client 107.21.36.205:53106] script not found or unable to stat: /var/www/cgi-bin/mt-xmlrpc.cgi
[Wed Apr 17 17:39:43.219646 2024] [cgi:error] [pid 14367] [client 107.21.36.205:53238] script not found or unable to stat: /var/www/cgi-bin/mt-xmlrpc.cgi
[Wed Apr 17 17:39:53.517054 2024] [cgi:error] [pid 14368] [client 107.21.36.205:53378] script not found or unable to stat: /var/www/cgi-bin/mt-xmlrpc.cgi
[Wed Apr 17 17:40:03.814259 2024] [php7:error] [pid 19148] [client 107.21.36.205:53526] script '/var/www/cgi-bin/index2.php' not found or unable to stat
[Wed Apr 17 17:40:14.013349 2024] [php7:error] [pid 2432] [client 107.21.36.205:53670] script '/var/www/html/haciendabrasilia/index2.php' not found or unable to stat
[Wed Apr 17 17:40:24.212618 2024] [php7:error] [pid 12027] [client 107.21.36.205:53802] script '/var/www/html/haciendabrasilia/.libs.php' not found or unable to stat
[Wed Apr 17 17:40:34.411574 2024] [cgi:error] [pid 12172] [client 107.21.36.205:53946] script not found or unable to stat: /var/www/cgi-bin/index2.php.cgi
